{"id":3880889,"date":"2026-04-28T02:14:53","date_gmt":"2026-04-28T00:14:53","guid":{"rendered":"https:\/\/www.euhabitat.com\/immobilien\/charmante-dachgeschoss-oase-im-herzen-der-nuernberger-altstadt\/"},"modified":"2026-04-29T02:08:53","modified_gmt":"2026-04-29T00:08:53","slug":"charmante-dachgeschoss-oase-im-herzen-der-nuernberger-altstadt","status":"publish","type":"inx_property","link":"https:\/\/www.euhabitat.com\/de\/moeblierte-wohnungen-nuernberg\/objekt-ag8000423\/","title":{"rendered":"Charmante Dachgeschoss-Oase im Herzen der N\u00fcrnberger Altstadt"},"content":{"rendered":"<p>590\u20ac zzgl. NK und Strom.<br \/>\nDiese helle 2-Zimmer-Wohnung befindet sich in begehrter Lage direkt in der N\u00fcrnberger Altstadt. In unmittelbarer N\u00e4he zum Hauptmarkt gelegen, genie\u00dfen Sie hier das Privileg, das pulsierende Leben der Stadt und die geschichtstr\u00e4chtige Kulisse t\u00e4glich vor der Haust\u00fcr zu haben. Die Wohnung besticht durch ihre Lage im Dachgeschoss eines gepflegten Mehrfamilienhauses. Die charakteristischen Dachschr\u00e4gen verleihen den R\u00e4umen eine besonders gem\u00fctliche Atmosph\u00e4re, w\u00e4hrend gro\u00dfe Fenster f\u00fcr eine hervorragende Belichtung und ein freundliches Ambiente sorgen. Die moderne und helle Einrichtung unterstreicht den zeitgem\u00e4\u00dfen Stil der Wohnung und l\u00e4dt direkt zum Einziehen und Wohlf\u00fchlen ein. Das Herzst\u00fcck der Wohnung ist der offene Wohnbereich mit einer integrierten, offenen K\u00fcche, die Kommunikation und Kochen perfekt verbindet. Das Badezimmer pr\u00e4sentiert sich ebenfalls in einem modernen Gewand: Es ist hell gefliest und mit einer Dusche sowie einem praktischen H\u00e4nge-WC ausgestattet.<br \/>\nEin besonderes Extra bietet der Keller des Hauses: Hier steht Ihnen eine eigene Waschmaschine zur Alleinnutzung zur Verf\u00fcgung, sodass Sie maximale Unabh\u00e4ngigkeit genie\u00dfen. Trotz der ruhigen Lage in einer Seitenstra\u00dfe ist die Verkehrsanbindung exzellent. Ob zu Fu\u00df durch die Fu\u00dfg\u00e4ngerzone oder mit den \u00f6ffentlichen Verkehrsmitteln \u2013 Sie sind ideal vernetzt. Diese Wohnung ist ideal f\u00fcr Singles oder Paare, die das urbane Leben in einem modernen, lichtdurchfluteten Refugium suchen. \u00dcberzeugen Sie sich selbst von diesem Schmuckst\u00fcck \u00fcber den D\u00e4chern von N\u00fcrnberg!<\/p>\n","protected":false},"author":162,"featured_media":3880890,"template":"","inx_location":[2612],"inx_type_of_use":[2476],"inx_property_type":[2575],"inx_marketing_type":[2583],"inx_project":[2582],"inx_feature":[2486],"inx_label":[],"class_list":["post-3880889","inx_property","type-inx_property","status-publish","has-post-thumbnail","hentry","inx_location-nuernberg","inx_type_of_use-wohnen-auf-zeit","inx_property_type-wohnung","inx_marketing_type-nuernberg","inx_project-moeblierte-wohnungen-nuernberg","inx_feature-vollmoebliert"],"yoast_head":"<!-- This site is optimized with the Yoast SEO plugin v21.3 - https:\/\/yoast.com\/wordpress\/plugins\/seo\/ -->\n<title>Charmante Dachgeschoss-Oase im Herzen der N\u00fcrnberger Altstadt &#8211; euhabitat<\/title>\n<meta name=\"robots\" content=\"index, follow, max-snippet:-1, max-image-preview:large, max-video-preview:-1\" \/>\n<meta property=\"og:locale\" content=\"de_DE\" \/>\n<meta property=\"og:type\" content=\"article\" \/>\n<meta property=\"og:title\" content=\"Charmante Dachgeschoss-Oase im Herzen der N\u00fcrnberger Altstadt &#8211; euhabitat\" \/>\n<meta property=\"og:description\" content=\"590\u20ac zzgl. NK und Strom. Diese helle 2-Zimmer-Wohnung befindet sich in begehrter Lage direkt in der N\u00fcrnberger...\" \/>\n<meta property=\"og:url\" content=\"https:\/\/www.euhabitat.com\/de\/moeblierte-wohnungen-nuernberg\/objekt-ag8000423\/\" \/>\n<meta property=\"og:site_name\" content=\"euhabitat\" \/>\n<meta property=\"article:publisher\" content=\"https:\/\/www.facebook.com\/euhabitat\" \/>\n<meta property=\"article:modified_time\" content=\"2026-04-29T00:08:53+00:00\" \/>\n<meta property=\"og:image\" content=\"https:\/\/www.euhabitat.com\/wp-content\/uploads\/2026\/04\/800042330.jpg\" \/>\n\t<meta property=\"og:image:width\" content=\"800\" \/>\n\t<meta property=\"og:image:height\" content=\"533\" \/>\n\t<meta property=\"og:image:type\" content=\"image\/jpeg\" \/>\n<meta name=\"twitter:card\" content=\"summary_large_image\" \/>\n<meta name=\"twitter:label1\" content=\"Gesch\u00e4tzte Lesezeit\" \/>\n\t<meta name=\"twitter:data1\" content=\"1\u00a0Minute\" \/>\n<script type=\"application\/ld+json\" class=\"yoast-schema-graph\">{\"@context\":\"https:\/\/schema.org\",\"@graph\":[{\"@type\":\"WebPage\",\"@id\":\"https:\/\/www.euhabitat.com\/de\/moeblierte-wohnungen-nuernberg\/objekt-ag8000423\/\",\"url\":\"https:\/\/www.euhabitat.com\/de\/moeblierte-wohnungen-nuernberg\/objekt-ag8000423\/\",\"name\":\"Charmante Dachgeschoss-Oase im Herzen der N\u00fcrnberger Altstadt &#8211; euhabitat\",\"isPartOf\":{\"@id\":\"https:\/\/www.euhabitat.com\/de\/#website\"},\"datePublished\":\"2026-04-28T00:14:53+00:00\",\"dateModified\":\"2026-04-29T00:08:53+00:00\",\"breadcrumb\":{\"@id\":\"https:\/\/www.euhabitat.com\/de\/moeblierte-wohnungen-nuernberg\/objekt-ag8000423\/#breadcrumb\"},\"inLanguage\":\"de\",\"potentialAction\":[{\"@type\":\"ReadAction\",\"target\":[\"https:\/\/www.euhabitat.com\/de\/moeblierte-wohnungen-nuernberg\/objekt-ag8000423\/\"]}]},{\"@type\":\"BreadcrumbList\",\"@id\":\"https:\/\/www.euhabitat.com\/de\/moeblierte-wohnungen-nuernberg\/objekt-ag8000423\/#breadcrumb\",\"itemListElement\":[{\"@type\":\"ListItem\",\"position\":1,\"name\":\"Startseite\",\"item\":\"https:\/\/www.euhabitat.com\/de\/\"},{\"@type\":\"ListItem\",\"position\":2,\"name\":\"Immobilien\",\"item\":\"https:\/\/www.euhabitat.com\/de\/immobilien\/\"},{\"@type\":\"ListItem\",\"position\":3,\"name\":\"Charmante Dachgeschoss-Oase im Herzen der N\u00fcrnberger Altstadt\"}]},{\"@type\":\"WebSite\",\"@id\":\"https:\/\/www.euhabitat.com\/de\/#website\",\"url\":\"https:\/\/www.euhabitat.com\/de\/\",\"name\":\"euhabitat\",\"description\":\"Furnished Apartments in Cologne Bonn Essen Berlin Nuremberg\",\"publisher\":{\"@id\":\"https:\/\/www.euhabitat.com\/de\/#organization\"},\"potentialAction\":[{\"@type\":\"SearchAction\",\"target\":{\"@type\":\"EntryPoint\",\"urlTemplate\":\"https:\/\/www.euhabitat.com\/de\/?s={search_term_string}\"},\"query-input\":\"required name=search_term_string\"}],\"inLanguage\":\"de\"},{\"@type\":\"Organization\",\"@id\":\"https:\/\/www.euhabitat.com\/de\/#organization\",\"name\":\"euhabitat\",\"url\":\"https:\/\/www.euhabitat.com\/de\/\",\"logo\":{\"@type\":\"ImageObject\",\"inLanguage\":\"de\",\"@id\":\"https:\/\/www.euhabitat.com\/de\/#\/schema\/logo\/image\/\",\"url\":\"https:\/\/www.euhabitat.com\/wp-content\/uploads\/2019\/12\/euhabitat-logo_600px-1.png\",\"contentUrl\":\"https:\/\/www.euhabitat.com\/wp-content\/uploads\/2019\/12\/euhabitat-logo_600px-1.png\",\"width\":600,\"height\":182,\"caption\":\"euhabitat\"},\"image\":{\"@id\":\"https:\/\/www.euhabitat.com\/de\/#\/schema\/logo\/image\/\"},\"sameAs\":[\"https:\/\/www.facebook.com\/euhabitat\",\"https:\/\/www.linkedin.com\/company\/37749063\/\"]}]}<\/script>\n<!-- \/ Yoast SEO plugin. -->","yoast_head_json":{"title":"Charmante Dachgeschoss-Oase im Herzen der N\u00fcrnberger Altstadt &#8211; euhabitat","robots":{"index":"index","follow":"follow","max-snippet":"max-snippet:-1","max-image-preview":"max-image-preview:large","max-video-preview":"max-video-preview:-1"},"og_locale":"de_DE","og_type":"article","og_title":"Charmante Dachgeschoss-Oase im Herzen der N\u00fcrnberger Altstadt &#8211; euhabitat","og_description":"590\u20ac zzgl. NK und Strom. Diese helle 2-Zimmer-Wohnung befindet sich in begehrter Lage direkt in der N\u00fcrnberger...","og_url":"https:\/\/www.euhabitat.com\/de\/moeblierte-wohnungen-nuernberg\/objekt-ag8000423\/","og_site_name":"euhabitat","article_publisher":"https:\/\/www.facebook.com\/euhabitat","article_modified_time":"2026-04-29T00:08:53+00:00","og_image":[{"width":800,"height":533,"url":"https:\/\/www.euhabitat.com\/wp-content\/uploads\/2026\/04\/800042330.jpg","type":"image\/jpeg"}],"twitter_card":"summary_large_image","twitter_misc":{"Gesch\u00e4tzte Lesezeit":"1\u00a0Minute"},"schema":{"@context":"https:\/\/schema.org","@graph":[{"@type":"WebPage","@id":"https:\/\/www.euhabitat.com\/de\/moeblierte-wohnungen-nuernberg\/objekt-ag8000423\/","url":"https:\/\/www.euhabitat.com\/de\/moeblierte-wohnungen-nuernberg\/objekt-ag8000423\/","name":"Charmante Dachgeschoss-Oase im Herzen der N\u00fcrnberger Altstadt &#8211; euhabitat","isPartOf":{"@id":"https:\/\/www.euhabitat.com\/de\/#website"},"datePublished":"2026-04-28T00:14:53+00:00","dateModified":"2026-04-29T00:08:53+00:00","breadcrumb":{"@id":"https:\/\/www.euhabitat.com\/de\/moeblierte-wohnungen-nuernberg\/objekt-ag8000423\/#breadcrumb"},"inLanguage":"de","potentialAction":[{"@type":"ReadAction","target":["https:\/\/www.euhabitat.com\/de\/moeblierte-wohnungen-nuernberg\/objekt-ag8000423\/"]}]},{"@type":"BreadcrumbList","@id":"https:\/\/www.euhabitat.com\/de\/moeblierte-wohnungen-nuernberg\/objekt-ag8000423\/#breadcrumb","itemListElement":[{"@type":"ListItem","position":1,"name":"Startseite","item":"https:\/\/www.euhabitat.com\/de\/"},{"@type":"ListItem","position":2,"name":"Immobilien","item":"https:\/\/www.euhabitat.com\/de\/immobilien\/"},{"@type":"ListItem","position":3,"name":"Charmante Dachgeschoss-Oase im Herzen der N\u00fcrnberger Altstadt"}]},{"@type":"WebSite","@id":"https:\/\/www.euhabitat.com\/de\/#website","url":"https:\/\/www.euhabitat.com\/de\/","name":"euhabitat","description":"Furnished Apartments in Cologne Bonn Essen Berlin Nuremberg","publisher":{"@id":"https:\/\/www.euhabitat.com\/de\/#organization"},"potentialAction":[{"@type":"SearchAction","target":{"@type":"EntryPoint","urlTemplate":"https:\/\/www.euhabitat.com\/de\/?s={search_term_string}"},"query-input":"required name=search_term_string"}],"inLanguage":"de"},{"@type":"Organization","@id":"https:\/\/www.euhabitat.com\/de\/#organization","name":"euhabitat","url":"https:\/\/www.euhabitat.com\/de\/","logo":{"@type":"ImageObject","inLanguage":"de","@id":"https:\/\/www.euhabitat.com\/de\/#\/schema\/logo\/image\/","url":"https:\/\/www.euhabitat.com\/wp-content\/uploads\/2019\/12\/euhabitat-logo_600px-1.png","contentUrl":"https:\/\/www.euhabitat.com\/wp-content\/uploads\/2019\/12\/euhabitat-logo_600px-1.png","width":600,"height":182,"caption":"euhabitat"},"image":{"@id":"https:\/\/www.euhabitat.com\/de\/#\/schema\/logo\/image\/"},"sameAs":["https:\/\/www.facebook.com\/euhabitat","https:\/\/www.linkedin.com\/company\/37749063\/"]}]}},"_links":{"self":[{"href":"https:\/\/www.euhabitat.com\/de\/wp-json\/wp\/v2\/inx_property\/3880889","targetHints":{"allow":["GET"]}}],"collection":[{"href":"https:\/\/www.euhabitat.com\/de\/wp-json\/wp\/v2\/inx_property"}],"about":[{"href":"https:\/\/www.euhabitat.com\/de\/wp-json\/wp\/v2\/types\/inx_property"}],"author":[{"embeddable":true,"href":"https:\/\/www.euhabitat.com\/de\/wp-json\/wp\/v2\/users\/162"}],"wp:featuredmedia":[{"embeddable":true,"href":"https:\/\/www.euhabitat.com\/de\/wp-json\/wp\/v2\/media\/3880890"}],"wp:attachment":[{"href":"https:\/\/www.euhabitat.com\/de\/wp-json\/wp\/v2\/media?parent=3880889"}],"wp:term":[{"taxonomy":"inx_location","embeddable":true,"href":"https:\/\/www.euhabitat.com\/de\/wp-json\/wp\/v2\/inx_location?post=3880889"},{"taxonomy":"inx_type_of_use","embeddable":true,"href":"https:\/\/www.euhabitat.com\/de\/wp-json\/wp\/v2\/inx_type_of_use?post=3880889"},{"taxonomy":"inx_property_type","embeddable":true,"href":"https:\/\/www.euhabitat.com\/de\/wp-json\/wp\/v2\/inx_property_type?post=3880889"},{"taxonomy":"inx_marketing_type","embeddable":true,"href":"https:\/\/www.euhabitat.com\/de\/wp-json\/wp\/v2\/inx_marketing_type?post=3880889"},{"taxonomy":"inx_project","embeddable":true,"href":"https:\/\/www.euhabitat.com\/de\/wp-json\/wp\/v2\/inx_project?post=3880889"},{"taxonomy":"inx_feature","embeddable":true,"href":"https:\/\/www.euhabitat.com\/de\/wp-json\/wp\/v2\/inx_feature?post=3880889"},{"taxonomy":"inx_label","embeddable":true,"href":"https:\/\/www.euhabitat.com\/de\/wp-json\/wp\/v2\/inx_label?post=3880889"}],"curies":[{"name":"wp","href":"https:\/\/api.w.org\/{rel}","templated":true}]}}

Charmante Dachgeschoss-Oase im Herzen der Nürnberger Altstadt

<p>590€ zzgl. NK und Strom.<br />
Diese helle 2-Zimmer-Wohnung befindet sich in begehrter Lage direkt in der Nürnberger Altstadt. In unmittelbarer Nähe zum Hauptmarkt gelegen, genießen Sie hier das Privileg, das pulsierende Leben der Stadt und die geschichtsträchtige Kulisse täglich vor der Haustür zu haben. Die Wohnung besticht durch ihre Lage im Dachgeschoss eines gepflegten Mehrfamilienhauses. Die charakteristischen Dachschrägen verleihen den Räumen eine besonders gemütliche Atmosphäre, während große Fenster für eine hervorragende Belichtung und ein freundliches Ambiente sorgen. Die moderne und helle Einrichtung unterstreicht den zeitgemäßen Stil der Wohnung und lädt direkt zum Einziehen und Wohlfühlen ein. Das Herzstück der Wohnung ist der offene Wohnbereich mit einer integrierten, offenen Küche, die Kommunikation und Kochen perfekt verbindet. Das Badezimmer präsentiert sich ebenfalls in einem modernen Gewand: Es ist hell gefliest und mit einer Dusche sowie einem praktischen Hänge-WC ausgestattet.<br />
Ein besonderes Extra bietet der Keller des Hauses: Hier steht Ihnen eine eigene Waschmaschine zur Alleinnutzung zur Verfügung, sodass Sie maximale Unabhängigkeit genießen. Trotz der ruhigen Lage in einer Seitenstraße ist die Verkehrsanbindung exzellent. Ob zu Fuß durch die Fußgängerzone oder mit den öffentlichen Verkehrsmitteln – Sie sind ideal vernetzt. Diese Wohnung ist ideal für Singles oder Paare, die das urbane Leben in einem modernen, lichtdurchfluteten Refugium suchen. Überzeugen Sie sich selbst von diesem Schmuckstück über den Dächern von Nürnberg!</p>

<!-- This site is optimized with the Yoast SEO plugin v21.3 - https://yoast.com/wordpress/plugins/seo/ -->
<title>Charmante Dachgeschoss-Oase im Herzen der Nürnberger Altstadt &#8211; euhabitat</title>
<meta name="robots" content="index, follow, max-snippet:-1, max-image-preview:large, max-video-preview:-1" />
<meta property="og:locale" content="de_DE" />
<meta property="og:type" content="article" />
<meta property="og:title" content="Charmante Dachgeschoss-Oase im Herzen der Nürnberger Altstadt &#8211; euhabitat" />
<meta property="og:description" content="590€ zzgl. NK und Strom. Diese helle 2-Zimmer-Wohnung befindet sich in begehrter Lage direkt in der Nürnberger..." />
<meta property="og:url" content="https://www.euhabitat.com/de/moeblierte-wohnungen-nuernberg/objekt-ag8000423/" />
<meta property="og:site_name" content="euhabitat" />
<meta property="article:publisher" content="https://www.facebook.com/euhabitat" />
<meta property="article:modified_time" content="2026-04-29T00:08:53+00:00" />
<meta property="og:image" content="https://www.euhabitat.com/wp-content/uploads/2026/04/800042330.jpg" />
	<meta property="og:image:width" content="800" />
	<meta property="og:image:height" content="533" />
	<meta property="og:image:type" content="image/jpeg" />
<meta name="twitter:card" content="summary_large_image" />
<meta name="twitter:label1" content="Geschätzte Lesezeit" />
	<meta name="twitter:data1" content="1 Minute" />
<script type="application/ld+json" class="yoast-schema-graph">{"@context":"https://schema.org","@graph":[{"@type":"WebPage","@id":"https://www.euhabitat.com/de/moeblierte-wohnungen-nuernberg/objekt-ag8000423/","url":"https://www.euhabitat.com/de/moeblierte-wohnungen-nuernberg/objekt-ag8000423/","name":"Charmante Dachgeschoss-Oase im Herzen der Nürnberger Altstadt &#8211; euhabitat","isPartOf":{"@id":"https://www.euhabitat.com/de/#website"},"datePublished":"2026-04-28T00:14:53+00:00","dateModified":"2026-04-29T00:08:53+00:00","breadcrumb":{"@id":"https://www.euhabitat.com/de/moeblierte-wohnungen-nuernberg/objekt-ag8000423/#breadcrumb"},"inLanguage":"de","potentialAction":[{"@type":"ReadAction","target":["https://www.euhabitat.com/de/moeblierte-wohnungen-nuernberg/objekt-ag8000423/"]}]},{"@type":"BreadcrumbList","@id":"https://www.euhabitat.com/de/moeblierte-wohnungen-nuernberg/objekt-ag8000423/#breadcrumb","itemListElement":[{"@type":"ListItem","position":1,"name":"Startseite","item":"https://www.euhabitat.com/de/"},{"@type":"ListItem","position":2,"name":"Immobilien","item":"https://www.euhabitat.com/de/immobilien/"},{"@type":"ListItem","position":3,"name":"Charmante Dachgeschoss-Oase im Herzen der Nürnberger Altstadt"}]},{"@type":"WebSite","@id":"https://www.euhabitat.com/de/#website","url":"https://www.euhabitat.com/de/","name":"euhabitat","description":"Furnished Apartments in Cologne Bonn Essen Berlin Nuremberg","publisher":{"@id":"https://www.euhabitat.com/de/#organization"},"potentialAction":[{"@type":"SearchAction","target":{"@type":"EntryPoint","urlTemplate":"https://www.euhabitat.com/de/?s={search_term_string}"},"query-input":"required name=search_term_string"}],"inLanguage":"de"},{"@type":"Organization","@id":"https://www.euhabitat.com/de/#organization","name":"euhabitat","url":"https://www.euhabitat.com/de/","logo":{"@type":"ImageObject","inLanguage":"de","@id":"https://www.euhabitat.com/de/#/schema/logo/image/","url":"https://www.euhabitat.com/wp-content/uploads/2019/12/euhabitat-logo_600px-1.png","contentUrl":"https://www.euhabitat.com/wp-content/uploads/2019/12/euhabitat-logo_600px-1.png","width":600,"height":182,"caption":"euhabitat"},"image":{"@id":"https://www.euhabitat.com/de/#/schema/logo/image/"},"sameAs":["https://www.facebook.com/euhabitat","https://www.linkedin.com/company/37749063/"]}]}</script>
<!-- / Yoast SEO plugin. -->

Charmante Dachgeschoss-Oase im Herzen der Nürnberger Altstadt &#8211; euhabitat

590€ zzgl. NK und Strom. Diese helle 2-Zimmer-Wohnung befindet sich in begehrter Lage direkt in der Nürnberger...
