{"id":3880823,"date":"2026-04-28T02:09:44","date_gmt":"2026-04-28T00:09:44","guid":{"rendered":"https:\/\/www.euhabitat.com\/immobilien\/exklusives-wohnen-im-herzen-nuernbergs\/"},"modified":"2026-04-29T02:08:44","modified_gmt":"2026-04-29T00:08:44","slug":"exklusives-wohnen-im-herzen-nuernbergs","status":"publish","type":"inx_property","link":"https:\/\/www.euhabitat.com\/de\/moeblierte-wohnungen-nuernberg\/objekt-ag8084879\/","title":{"rendered":"Exklusives Wohnen im Herzen N\u00fcrnbergs"},"content":{"rendered":"<p>1090\u20ac Pauschalmiete inkl . aller NK, Strom und Internet.<br \/>\nDiese lichtdurchflutete 2-Zimmer-Wohnung bietet die seltene Gelegenheit, modernes Design und h\u00f6chsten Komfort inmitten der historischen N\u00fcrnberger Altstadt zu genie\u00dfen. Das Objekt besticht durch eine hochwertige, zeitgem\u00e4\u00dfe Ausstattung und ein durchdachtes Raumkonzept, das keine W\u00fcnsche offen l\u00e4sst.<br \/>\nSchon beim Betreten der Wohnung empf\u00e4ngt Sie ein einladender Eingangsbereich, der mit einer praktischen Garderobe und einem Schuhschrank ausgestattet ist. Von hier aus gelangen Sie in das Herzst\u00fcck der Wohnung: die gro\u00dfz\u00fcgige Wohnk\u00fcche. Die vollausgestattete Einbauk\u00fcche gl\u00e4nzt mit modernen Ger\u00e4ten und l\u00e4dt dazu ein, kulinarische Abende in stilvollem Ambiente zu verbringen. Das angrenzende Wohnzimmer ist ein wahrer Ort der Entspannung. Dank der gro\u00dfen Fensterfronten wirken die R\u00e4ume besonders hell und freundlich. Ein komfortables Schlafsofa sowie ein moderner Smart-TV sorgen f\u00fcr erstklassige Unterhaltung, w\u00e4hrend der integrierte kleine Barbereich den idealen Rahmen f\u00fcr gesellige Stunden oder einen entspannten Tagesausklang bietet.<br \/>\nDas Schlafzimmer pr\u00e4sentiert sich ebenso lichtverw\u00f6hnt und modern. Ausgestattet mit einem gem\u00fctlichen franz\u00f6sischen Bett und einem ger\u00e4umigen Kleiderschrank, bietet es zudem eine diskret integrierte Arbeitsecke \u2013 perfekt f\u00fcr das Homeoffice in ruhiger Atmosph\u00e4re. Ein besonderes Highlight ist das helle Tageslichtbad. Es verf\u00fcgt sowohl \u00fcber eine Badewanne f\u00fcr entspannte Stunden als auch \u00fcber eine separate Duschkabine, was den morgendlichen Komfort perfekt abrundet. F\u00fcr zus\u00e4tzliche Annehmlichkeiten sorgt der eigene Bereich im Keller: Hier stehen Ihnen eine eigene Waschmaschine sowie ein Trockner zur exklusiven Nutzung zur Verf\u00fcgung.<\/p>\n<p>Highlights: Lichtdurchflutete R\u00e4ume, moderne M\u00f6blierung, Smart-TV, Barbereich<\/p>\n<p>Ausstattung: Einbauk\u00fcche, Wannen-\/Duschbad, Arbeitsplatz, Waschtrockner<\/p>\n","protected":false},"author":162,"featured_media":3880824,"template":"","inx_location":[2612],"inx_type_of_use":[2476],"inx_property_type":[2575],"inx_marketing_type":[2583],"inx_project":[2582],"inx_feature":[2486],"inx_label":[],"class_list":["post-3880823","inx_property","type-inx_property","status-publish","has-post-thumbnail","hentry","inx_location-nuernberg","inx_type_of_use-wohnen-auf-zeit","inx_property_type-wohnung","inx_marketing_type-nuernberg","inx_project-moeblierte-wohnungen-nuernberg","inx_feature-vollmoebliert"],"yoast_head":"<!-- This site is optimized with the Yoast SEO plugin v21.3 - https:\/\/yoast.com\/wordpress\/plugins\/seo\/ -->\n<title>Exklusives Wohnen im Herzen N\u00fcrnbergs &#8211; euhabitat<\/title>\n<meta name=\"robots\" content=\"index, follow, max-snippet:-1, max-image-preview:large, max-video-preview:-1\" \/>\n<meta property=\"og:locale\" content=\"de_DE\" \/>\n<meta property=\"og:type\" content=\"article\" \/>\n<meta property=\"og:title\" content=\"Exklusives Wohnen im Herzen N\u00fcrnbergs &#8211; euhabitat\" \/>\n<meta property=\"og:description\" content=\"1090\u20ac Pauschalmiete inkl . aller NK, Strom und Internet. Diese lichtdurchflutete 2-Zimmer-Wohnung bietet die seltene...\" \/>\n<meta property=\"og:url\" content=\"https:\/\/www.euhabitat.com\/de\/moeblierte-wohnungen-nuernberg\/objekt-ag8084879\/\" \/>\n<meta property=\"og:site_name\" content=\"euhabitat\" \/>\n<meta property=\"article:publisher\" content=\"https:\/\/www.facebook.com\/euhabitat\" \/>\n<meta property=\"article:modified_time\" content=\"2026-04-29T00:08:44+00:00\" \/>\n<meta property=\"og:image\" content=\"https:\/\/www.euhabitat.com\/wp-content\/uploads\/2026\/04\/808487901.jpg\" \/>\n\t<meta property=\"og:image:width\" content=\"713\" \/>\n\t<meta property=\"og:image:height\" content=\"535\" \/>\n\t<meta property=\"og:image:type\" content=\"image\/jpeg\" \/>\n<meta name=\"twitter:card\" content=\"summary_large_image\" \/>\n<meta name=\"twitter:label1\" content=\"Gesch\u00e4tzte Lesezeit\" \/>\n\t<meta name=\"twitter:data1\" content=\"1\u00a0Minute\" \/>\n<script type=\"application\/ld+json\" class=\"yoast-schema-graph\">{\"@context\":\"https:\/\/schema.org\",\"@graph\":[{\"@type\":\"WebPage\",\"@id\":\"https:\/\/www.euhabitat.com\/de\/moeblierte-wohnungen-nuernberg\/objekt-ag8084879\/\",\"url\":\"https:\/\/www.euhabitat.com\/de\/moeblierte-wohnungen-nuernberg\/objekt-ag8084879\/\",\"name\":\"Exklusives Wohnen im Herzen N\u00fcrnbergs &#8211; euhabitat\",\"isPartOf\":{\"@id\":\"https:\/\/www.euhabitat.com\/de\/#website\"},\"datePublished\":\"2026-04-28T00:09:44+00:00\",\"dateModified\":\"2026-04-29T00:08:44+00:00\",\"breadcrumb\":{\"@id\":\"https:\/\/www.euhabitat.com\/de\/moeblierte-wohnungen-nuernberg\/objekt-ag8084879\/#breadcrumb\"},\"inLanguage\":\"de\",\"potentialAction\":[{\"@type\":\"ReadAction\",\"target\":[\"https:\/\/www.euhabitat.com\/de\/moeblierte-wohnungen-nuernberg\/objekt-ag8084879\/\"]}]},{\"@type\":\"BreadcrumbList\",\"@id\":\"https:\/\/www.euhabitat.com\/de\/moeblierte-wohnungen-nuernberg\/objekt-ag8084879\/#breadcrumb\",\"itemListElement\":[{\"@type\":\"ListItem\",\"position\":1,\"name\":\"Startseite\",\"item\":\"https:\/\/www.euhabitat.com\/de\/\"},{\"@type\":\"ListItem\",\"position\":2,\"name\":\"Immobilien\",\"item\":\"https:\/\/www.euhabitat.com\/de\/immobilien\/\"},{\"@type\":\"ListItem\",\"position\":3,\"name\":\"Exklusives Wohnen im Herzen N\u00fcrnbergs\"}]},{\"@type\":\"WebSite\",\"@id\":\"https:\/\/www.euhabitat.com\/de\/#website\",\"url\":\"https:\/\/www.euhabitat.com\/de\/\",\"name\":\"euhabitat\",\"description\":\"Furnished Apartments in Cologne Bonn Essen Berlin Nuremberg\",\"publisher\":{\"@id\":\"https:\/\/www.euhabitat.com\/de\/#organization\"},\"potentialAction\":[{\"@type\":\"SearchAction\",\"target\":{\"@type\":\"EntryPoint\",\"urlTemplate\":\"https:\/\/www.euhabitat.com\/de\/?s={search_term_string}\"},\"query-input\":\"required name=search_term_string\"}],\"inLanguage\":\"de\"},{\"@type\":\"Organization\",\"@id\":\"https:\/\/www.euhabitat.com\/de\/#organization\",\"name\":\"euhabitat\",\"url\":\"https:\/\/www.euhabitat.com\/de\/\",\"logo\":{\"@type\":\"ImageObject\",\"inLanguage\":\"de\",\"@id\":\"https:\/\/www.euhabitat.com\/de\/#\/schema\/logo\/image\/\",\"url\":\"https:\/\/www.euhabitat.com\/wp-content\/uploads\/2019\/12\/euhabitat-logo_600px-1.png\",\"contentUrl\":\"https:\/\/www.euhabitat.com\/wp-content\/uploads\/2019\/12\/euhabitat-logo_600px-1.png\",\"width\":600,\"height\":182,\"caption\":\"euhabitat\"},\"image\":{\"@id\":\"https:\/\/www.euhabitat.com\/de\/#\/schema\/logo\/image\/\"},\"sameAs\":[\"https:\/\/www.facebook.com\/euhabitat\",\"https:\/\/www.linkedin.com\/company\/37749063\/\"]}]}<\/script>\n<!-- \/ Yoast SEO plugin. -->","yoast_head_json":{"title":"Exklusives Wohnen im Herzen N\u00fcrnbergs &#8211; euhabitat","robots":{"index":"index","follow":"follow","max-snippet":"max-snippet:-1","max-image-preview":"max-image-preview:large","max-video-preview":"max-video-preview:-1"},"og_locale":"de_DE","og_type":"article","og_title":"Exklusives Wohnen im Herzen N\u00fcrnbergs &#8211; euhabitat","og_description":"1090\u20ac Pauschalmiete inkl . aller NK, Strom und Internet. Diese lichtdurchflutete 2-Zimmer-Wohnung bietet die seltene...","og_url":"https:\/\/www.euhabitat.com\/de\/moeblierte-wohnungen-nuernberg\/objekt-ag8084879\/","og_site_name":"euhabitat","article_publisher":"https:\/\/www.facebook.com\/euhabitat","article_modified_time":"2026-04-29T00:08:44+00:00","og_image":[{"width":713,"height":535,"url":"https:\/\/www.euhabitat.com\/wp-content\/uploads\/2026\/04\/808487901.jpg","type":"image\/jpeg"}],"twitter_card":"summary_large_image","twitter_misc":{"Gesch\u00e4tzte Lesezeit":"1\u00a0Minute"},"schema":{"@context":"https:\/\/schema.org","@graph":[{"@type":"WebPage","@id":"https:\/\/www.euhabitat.com\/de\/moeblierte-wohnungen-nuernberg\/objekt-ag8084879\/","url":"https:\/\/www.euhabitat.com\/de\/moeblierte-wohnungen-nuernberg\/objekt-ag8084879\/","name":"Exklusives Wohnen im Herzen N\u00fcrnbergs &#8211; euhabitat","isPartOf":{"@id":"https:\/\/www.euhabitat.com\/de\/#website"},"datePublished":"2026-04-28T00:09:44+00:00","dateModified":"2026-04-29T00:08:44+00:00","breadcrumb":{"@id":"https:\/\/www.euhabitat.com\/de\/moeblierte-wohnungen-nuernberg\/objekt-ag8084879\/#breadcrumb"},"inLanguage":"de","potentialAction":[{"@type":"ReadAction","target":["https:\/\/www.euhabitat.com\/de\/moeblierte-wohnungen-nuernberg\/objekt-ag8084879\/"]}]},{"@type":"BreadcrumbList","@id":"https:\/\/www.euhabitat.com\/de\/moeblierte-wohnungen-nuernberg\/objekt-ag8084879\/#breadcrumb","itemListElement":[{"@type":"ListItem","position":1,"name":"Startseite","item":"https:\/\/www.euhabitat.com\/de\/"},{"@type":"ListItem","position":2,"name":"Immobilien","item":"https:\/\/www.euhabitat.com\/de\/immobilien\/"},{"@type":"ListItem","position":3,"name":"Exklusives Wohnen im Herzen N\u00fcrnbergs"}]},{"@type":"WebSite","@id":"https:\/\/www.euhabitat.com\/de\/#website","url":"https:\/\/www.euhabitat.com\/de\/","name":"euhabitat","description":"Furnished Apartments in Cologne Bonn Essen Berlin Nuremberg","publisher":{"@id":"https:\/\/www.euhabitat.com\/de\/#organization"},"potentialAction":[{"@type":"SearchAction","target":{"@type":"EntryPoint","urlTemplate":"https:\/\/www.euhabitat.com\/de\/?s={search_term_string}"},"query-input":"required name=search_term_string"}],"inLanguage":"de"},{"@type":"Organization","@id":"https:\/\/www.euhabitat.com\/de\/#organization","name":"euhabitat","url":"https:\/\/www.euhabitat.com\/de\/","logo":{"@type":"ImageObject","inLanguage":"de","@id":"https:\/\/www.euhabitat.com\/de\/#\/schema\/logo\/image\/","url":"https:\/\/www.euhabitat.com\/wp-content\/uploads\/2019\/12\/euhabitat-logo_600px-1.png","contentUrl":"https:\/\/www.euhabitat.com\/wp-content\/uploads\/2019\/12\/euhabitat-logo_600px-1.png","width":600,"height":182,"caption":"euhabitat"},"image":{"@id":"https:\/\/www.euhabitat.com\/de\/#\/schema\/logo\/image\/"},"sameAs":["https:\/\/www.facebook.com\/euhabitat","https:\/\/www.linkedin.com\/company\/37749063\/"]}]}},"_links":{"self":[{"href":"https:\/\/www.euhabitat.com\/de\/wp-json\/wp\/v2\/inx_property\/3880823","targetHints":{"allow":["GET"]}}],"collection":[{"href":"https:\/\/www.euhabitat.com\/de\/wp-json\/wp\/v2\/inx_property"}],"about":[{"href":"https:\/\/www.euhabitat.com\/de\/wp-json\/wp\/v2\/types\/inx_property"}],"author":[{"embeddable":true,"href":"https:\/\/www.euhabitat.com\/de\/wp-json\/wp\/v2\/users\/162"}],"wp:featuredmedia":[{"embeddable":true,"href":"https:\/\/www.euhabitat.com\/de\/wp-json\/wp\/v2\/media\/3880824"}],"wp:attachment":[{"href":"https:\/\/www.euhabitat.com\/de\/wp-json\/wp\/v2\/media?parent=3880823"}],"wp:term":[{"taxonomy":"inx_location","embeddable":true,"href":"https:\/\/www.euhabitat.com\/de\/wp-json\/wp\/v2\/inx_location?post=3880823"},{"taxonomy":"inx_type_of_use","embeddable":true,"href":"https:\/\/www.euhabitat.com\/de\/wp-json\/wp\/v2\/inx_type_of_use?post=3880823"},{"taxonomy":"inx_property_type","embeddable":true,"href":"https:\/\/www.euhabitat.com\/de\/wp-json\/wp\/v2\/inx_property_type?post=3880823"},{"taxonomy":"inx_marketing_type","embeddable":true,"href":"https:\/\/www.euhabitat.com\/de\/wp-json\/wp\/v2\/inx_marketing_type?post=3880823"},{"taxonomy":"inx_project","embeddable":true,"href":"https:\/\/www.euhabitat.com\/de\/wp-json\/wp\/v2\/inx_project?post=3880823"},{"taxonomy":"inx_feature","embeddable":true,"href":"https:\/\/www.euhabitat.com\/de\/wp-json\/wp\/v2\/inx_feature?post=3880823"},{"taxonomy":"inx_label","embeddable":true,"href":"https:\/\/www.euhabitat.com\/de\/wp-json\/wp\/v2\/inx_label?post=3880823"}],"curies":[{"name":"wp","href":"https:\/\/api.w.org\/{rel}","templated":true}]}}

Exklusives Wohnen im Herzen Nürnbergs

<p>1090€ Pauschalmiete inkl . aller NK, Strom und Internet.<br />
Diese lichtdurchflutete 2-Zimmer-Wohnung bietet die seltene Gelegenheit, modernes Design und höchsten Komfort inmitten der historischen Nürnberger Altstadt zu genießen. Das Objekt besticht durch eine hochwertige, zeitgemäße Ausstattung und ein durchdachtes Raumkonzept, das keine Wünsche offen lässt.<br />
Schon beim Betreten der Wohnung empfängt Sie ein einladender Eingangsbereich, der mit einer praktischen Garderobe und einem Schuhschrank ausgestattet ist. Von hier aus gelangen Sie in das Herzstück der Wohnung: die großzügige Wohnküche. Die vollausgestattete Einbauküche glänzt mit modernen Geräten und lädt dazu ein, kulinarische Abende in stilvollem Ambiente zu verbringen. Das angrenzende Wohnzimmer ist ein wahrer Ort der Entspannung. Dank der großen Fensterfronten wirken die Räume besonders hell und freundlich. Ein komfortables Schlafsofa sowie ein moderner Smart-TV sorgen für erstklassige Unterhaltung, während der integrierte kleine Barbereich den idealen Rahmen für gesellige Stunden oder einen entspannten Tagesausklang bietet.<br />
Das Schlafzimmer präsentiert sich ebenso lichtverwöhnt und modern. Ausgestattet mit einem gemütlichen französischen Bett und einem geräumigen Kleiderschrank, bietet es zudem eine diskret integrierte Arbeitsecke – perfekt für das Homeoffice in ruhiger Atmosphäre. Ein besonderes Highlight ist das helle Tageslichtbad. Es verfügt sowohl über eine Badewanne für entspannte Stunden als auch über eine separate Duschkabine, was den morgendlichen Komfort perfekt abrundet. Für zusätzliche Annehmlichkeiten sorgt der eigene Bereich im Keller: Hier stehen Ihnen eine eigene Waschmaschine sowie ein Trockner zur exklusiven Nutzung zur Verfügung.</p>
<p>Highlights: Lichtdurchflutete Räume, moderne Möblierung, Smart-TV, Barbereich</p>
<p>Ausstattung: Einbauküche, Wannen-/Duschbad, Arbeitsplatz, Waschtrockner</p>

<!-- This site is optimized with the Yoast SEO plugin v21.3 - https://yoast.com/wordpress/plugins/seo/ -->
<title>Exklusives Wohnen im Herzen Nürnbergs &#8211; euhabitat</title>
<meta name="robots" content="index, follow, max-snippet:-1, max-image-preview:large, max-video-preview:-1" />
<meta property="og:locale" content="de_DE" />
<meta property="og:type" content="article" />
<meta property="og:title" content="Exklusives Wohnen im Herzen Nürnbergs &#8211; euhabitat" />
<meta property="og:description" content="1090€ Pauschalmiete inkl . aller NK, Strom und Internet. Diese lichtdurchflutete 2-Zimmer-Wohnung bietet die seltene..." />
<meta property="og:url" content="https://www.euhabitat.com/de/moeblierte-wohnungen-nuernberg/objekt-ag8084879/" />
<meta property="og:site_name" content="euhabitat" />
<meta property="article:publisher" content="https://www.facebook.com/euhabitat" />
<meta property="article:modified_time" content="2026-04-29T00:08:44+00:00" />
<meta property="og:image" content="https://www.euhabitat.com/wp-content/uploads/2026/04/808487901.jpg" />
	<meta property="og:image:width" content="713" />
	<meta property="og:image:height" content="535" />
	<meta property="og:image:type" content="image/jpeg" />
<meta name="twitter:card" content="summary_large_image" />
<meta name="twitter:label1" content="Geschätzte Lesezeit" />
	<meta name="twitter:data1" content="1 Minute" />
<script type="application/ld+json" class="yoast-schema-graph">{"@context":"https://schema.org","@graph":[{"@type":"WebPage","@id":"https://www.euhabitat.com/de/moeblierte-wohnungen-nuernberg/objekt-ag8084879/","url":"https://www.euhabitat.com/de/moeblierte-wohnungen-nuernberg/objekt-ag8084879/","name":"Exklusives Wohnen im Herzen Nürnbergs &#8211; euhabitat","isPartOf":{"@id":"https://www.euhabitat.com/de/#website"},"datePublished":"2026-04-28T00:09:44+00:00","dateModified":"2026-04-29T00:08:44+00:00","breadcrumb":{"@id":"https://www.euhabitat.com/de/moeblierte-wohnungen-nuernberg/objekt-ag8084879/#breadcrumb"},"inLanguage":"de","potentialAction":[{"@type":"ReadAction","target":["https://www.euhabitat.com/de/moeblierte-wohnungen-nuernberg/objekt-ag8084879/"]}]},{"@type":"BreadcrumbList","@id":"https://www.euhabitat.com/de/moeblierte-wohnungen-nuernberg/objekt-ag8084879/#breadcrumb","itemListElement":[{"@type":"ListItem","position":1,"name":"Startseite","item":"https://www.euhabitat.com/de/"},{"@type":"ListItem","position":2,"name":"Immobilien","item":"https://www.euhabitat.com/de/immobilien/"},{"@type":"ListItem","position":3,"name":"Exklusives Wohnen im Herzen Nürnbergs"}]},{"@type":"WebSite","@id":"https://www.euhabitat.com/de/#website","url":"https://www.euhabitat.com/de/","name":"euhabitat","description":"Furnished Apartments in Cologne Bonn Essen Berlin Nuremberg","publisher":{"@id":"https://www.euhabitat.com/de/#organization"},"potentialAction":[{"@type":"SearchAction","target":{"@type":"EntryPoint","urlTemplate":"https://www.euhabitat.com/de/?s={search_term_string}"},"query-input":"required name=search_term_string"}],"inLanguage":"de"},{"@type":"Organization","@id":"https://www.euhabitat.com/de/#organization","name":"euhabitat","url":"https://www.euhabitat.com/de/","logo":{"@type":"ImageObject","inLanguage":"de","@id":"https://www.euhabitat.com/de/#/schema/logo/image/","url":"https://www.euhabitat.com/wp-content/uploads/2019/12/euhabitat-logo_600px-1.png","contentUrl":"https://www.euhabitat.com/wp-content/uploads/2019/12/euhabitat-logo_600px-1.png","width":600,"height":182,"caption":"euhabitat"},"image":{"@id":"https://www.euhabitat.com/de/#/schema/logo/image/"},"sameAs":["https://www.facebook.com/euhabitat","https://www.linkedin.com/company/37749063/"]}]}</script>
<!-- / Yoast SEO plugin. -->

Exklusives Wohnen im Herzen Nürnbergs &#8211; euhabitat
