{"id":3870293,"date":"2026-04-28T01:42:54","date_gmt":"2026-04-27T23:42:54","guid":{"rendered":"https:\/\/www.euhabitat.com\/immobilien\/helle-moderne-wohnung-in-fuerth\/"},"modified":"2026-04-29T02:07:54","modified_gmt":"2026-04-29T00:07:54","slug":"helle-moderne-wohnung-in-fuerth","status":"publish","type":"inx_property","link":"https:\/\/www.euhabitat.com\/de\/moeblierte-wohnungen-fuerth\/objekt-ag8076869\/","title":{"rendered":"Helle moderne Wohnung in F\u00fcrth"},"content":{"rendered":"<p>Diese helle und modern eingerichtete 3-Zimmer-Wohnung in F\u00fcrth \u00fcberzeugt mit zeitgem\u00e4\u00dfem Komfort.<\/p>\n<p>Miete inklusive Nebenkosten, Strom muss separat angemeldet und bezahlt werden. Internet ist nicht im Mietpreis inbegriffen.<br \/>\nDas Schlafzimmer bietet modernes Mobiliar mit einem gro\u00dfen Bett, Nachttisch. Das dritte Zimmer ist mit einem sehr ger\u00e4umigem Kleiderschrank ausgestattet und kann als Ankleidezimmer und B\u00fcro genutzt werden. Die separate K\u00fcche ist komplett ausgestattet. Im Wohn- und Essbereich erwarten Sie ein Fernseher, ein bequemes Sofa und ein Esstisch. Ein Balkon bietet zus\u00e4tzlichen Raum.<br \/>\nDas moderne Badezimmer verf\u00fcgt \u00fcber ein Waschbecken mit beleuchtetem Spiegel, eine h\u00e4ngende Toilette und eine Dusche. Die Wohnung ist gut an \u00f6ffentliche Verkehrsmittel angebunden.<\/p>\n<p>Hinweis: Rauchen ist im Wohnraum nicht gestattet<\/p>\n","protected":false},"author":162,"featured_media":3870294,"template":"","inx_location":[2610],"inx_type_of_use":[2476],"inx_property_type":[2575],"inx_marketing_type":[2577],"inx_project":[2576],"inx_feature":[2486],"inx_label":[],"class_list":["post-3870293","inx_property","type-inx_property","status-publish","has-post-thumbnail","hentry","inx_location-fuerth","inx_type_of_use-wohnen-auf-zeit","inx_property_type-wohnung","inx_marketing_type-fuerth","inx_project-moeblierte-wohnungen-fuerth","inx_feature-vollmoebliert"],"yoast_head":"<!-- This site is optimized with the Yoast SEO plugin v21.3 - https:\/\/yoast.com\/wordpress\/plugins\/seo\/ -->\n<title>Helle moderne Wohnung in F\u00fcrth &#8211; euhabitat<\/title>\n<meta name=\"robots\" content=\"index, follow, max-snippet:-1, max-image-preview:large, max-video-preview:-1\" \/>\n<meta property=\"og:locale\" content=\"de_DE\" \/>\n<meta property=\"og:type\" content=\"article\" \/>\n<meta property=\"og:title\" content=\"Helle moderne Wohnung in F\u00fcrth &#8211; euhabitat\" \/>\n<meta property=\"og:description\" content=\"Diese helle und modern eingerichtete 3-Zimmer-Wohnung in F\u00fcrth \u00fcberzeugt mit zeitgem\u00e4\u00dfem Komfort. Miete inklusive...\" \/>\n<meta property=\"og:url\" content=\"https:\/\/www.euhabitat.com\/de\/moeblierte-wohnungen-fuerth\/objekt-ag8076869\/\" \/>\n<meta property=\"og:site_name\" content=\"euhabitat\" \/>\n<meta property=\"article:publisher\" content=\"https:\/\/www.facebook.com\/euhabitat\" \/>\n<meta property=\"article:modified_time\" content=\"2026-04-29T00:07:54+00:00\" \/>\n<meta property=\"og:image\" content=\"https:\/\/www.euhabitat.com\/wp-content\/uploads\/2026\/04\/807686901.jpg\" \/>\n\t<meta property=\"og:image:width\" content=\"713\" \/>\n\t<meta property=\"og:image:height\" content=\"535\" \/>\n\t<meta property=\"og:image:type\" content=\"image\/jpeg\" \/>\n<meta name=\"twitter:card\" content=\"summary_large_image\" \/>\n<meta name=\"twitter:label1\" content=\"Gesch\u00e4tzte Lesezeit\" \/>\n\t<meta name=\"twitter:data1\" content=\"1\u00a0Minute\" \/>\n<script type=\"application\/ld+json\" class=\"yoast-schema-graph\">{\"@context\":\"https:\/\/schema.org\",\"@graph\":[{\"@type\":\"WebPage\",\"@id\":\"https:\/\/www.euhabitat.com\/de\/moeblierte-wohnungen-fuerth\/objekt-ag8076869\/\",\"url\":\"https:\/\/www.euhabitat.com\/de\/moeblierte-wohnungen-fuerth\/objekt-ag8076869\/\",\"name\":\"Helle moderne Wohnung in F\u00fcrth &#8211; euhabitat\",\"isPartOf\":{\"@id\":\"https:\/\/www.euhabitat.com\/de\/#website\"},\"datePublished\":\"2026-04-27T23:42:54+00:00\",\"dateModified\":\"2026-04-29T00:07:54+00:00\",\"breadcrumb\":{\"@id\":\"https:\/\/www.euhabitat.com\/de\/moeblierte-wohnungen-fuerth\/objekt-ag8076869\/#breadcrumb\"},\"inLanguage\":\"de\",\"potentialAction\":[{\"@type\":\"ReadAction\",\"target\":[\"https:\/\/www.euhabitat.com\/de\/moeblierte-wohnungen-fuerth\/objekt-ag8076869\/\"]}]},{\"@type\":\"BreadcrumbList\",\"@id\":\"https:\/\/www.euhabitat.com\/de\/moeblierte-wohnungen-fuerth\/objekt-ag8076869\/#breadcrumb\",\"itemListElement\":[{\"@type\":\"ListItem\",\"position\":1,\"name\":\"Startseite\",\"item\":\"https:\/\/www.euhabitat.com\/de\/\"},{\"@type\":\"ListItem\",\"position\":2,\"name\":\"Immobilien\",\"item\":\"https:\/\/www.euhabitat.com\/de\/immobilien\/\"},{\"@type\":\"ListItem\",\"position\":3,\"name\":\"Helle moderne Wohnung in F\u00fcrth\"}]},{\"@type\":\"WebSite\",\"@id\":\"https:\/\/www.euhabitat.com\/de\/#website\",\"url\":\"https:\/\/www.euhabitat.com\/de\/\",\"name\":\"euhabitat\",\"description\":\"Furnished Apartments in Cologne Bonn Essen Berlin Nuremberg\",\"publisher\":{\"@id\":\"https:\/\/www.euhabitat.com\/de\/#organization\"},\"potentialAction\":[{\"@type\":\"SearchAction\",\"target\":{\"@type\":\"EntryPoint\",\"urlTemplate\":\"https:\/\/www.euhabitat.com\/de\/?s={search_term_string}\"},\"query-input\":\"required name=search_term_string\"}],\"inLanguage\":\"de\"},{\"@type\":\"Organization\",\"@id\":\"https:\/\/www.euhabitat.com\/de\/#organization\",\"name\":\"euhabitat\",\"url\":\"https:\/\/www.euhabitat.com\/de\/\",\"logo\":{\"@type\":\"ImageObject\",\"inLanguage\":\"de\",\"@id\":\"https:\/\/www.euhabitat.com\/de\/#\/schema\/logo\/image\/\",\"url\":\"https:\/\/www.euhabitat.com\/wp-content\/uploads\/2019\/12\/euhabitat-logo_600px-1.png\",\"contentUrl\":\"https:\/\/www.euhabitat.com\/wp-content\/uploads\/2019\/12\/euhabitat-logo_600px-1.png\",\"width\":600,\"height\":182,\"caption\":\"euhabitat\"},\"image\":{\"@id\":\"https:\/\/www.euhabitat.com\/de\/#\/schema\/logo\/image\/\"},\"sameAs\":[\"https:\/\/www.facebook.com\/euhabitat\",\"https:\/\/www.linkedin.com\/company\/37749063\/\"]}]}<\/script>\n<!-- \/ Yoast SEO plugin. -->","yoast_head_json":{"title":"Helle moderne Wohnung in F\u00fcrth &#8211; euhabitat","robots":{"index":"index","follow":"follow","max-snippet":"max-snippet:-1","max-image-preview":"max-image-preview:large","max-video-preview":"max-video-preview:-1"},"og_locale":"de_DE","og_type":"article","og_title":"Helle moderne Wohnung in F\u00fcrth &#8211; euhabitat","og_description":"Diese helle und modern eingerichtete 3-Zimmer-Wohnung in F\u00fcrth \u00fcberzeugt mit zeitgem\u00e4\u00dfem Komfort. Miete inklusive...","og_url":"https:\/\/www.euhabitat.com\/de\/moeblierte-wohnungen-fuerth\/objekt-ag8076869\/","og_site_name":"euhabitat","article_publisher":"https:\/\/www.facebook.com\/euhabitat","article_modified_time":"2026-04-29T00:07:54+00:00","og_image":[{"width":713,"height":535,"url":"https:\/\/www.euhabitat.com\/wp-content\/uploads\/2026\/04\/807686901.jpg","type":"image\/jpeg"}],"twitter_card":"summary_large_image","twitter_misc":{"Gesch\u00e4tzte Lesezeit":"1\u00a0Minute"},"schema":{"@context":"https:\/\/schema.org","@graph":[{"@type":"WebPage","@id":"https:\/\/www.euhabitat.com\/de\/moeblierte-wohnungen-fuerth\/objekt-ag8076869\/","url":"https:\/\/www.euhabitat.com\/de\/moeblierte-wohnungen-fuerth\/objekt-ag8076869\/","name":"Helle moderne Wohnung in F\u00fcrth &#8211; euhabitat","isPartOf":{"@id":"https:\/\/www.euhabitat.com\/de\/#website"},"datePublished":"2026-04-27T23:42:54+00:00","dateModified":"2026-04-29T00:07:54+00:00","breadcrumb":{"@id":"https:\/\/www.euhabitat.com\/de\/moeblierte-wohnungen-fuerth\/objekt-ag8076869\/#breadcrumb"},"inLanguage":"de","potentialAction":[{"@type":"ReadAction","target":["https:\/\/www.euhabitat.com\/de\/moeblierte-wohnungen-fuerth\/objekt-ag8076869\/"]}]},{"@type":"BreadcrumbList","@id":"https:\/\/www.euhabitat.com\/de\/moeblierte-wohnungen-fuerth\/objekt-ag8076869\/#breadcrumb","itemListElement":[{"@type":"ListItem","position":1,"name":"Startseite","item":"https:\/\/www.euhabitat.com\/de\/"},{"@type":"ListItem","position":2,"name":"Immobilien","item":"https:\/\/www.euhabitat.com\/de\/immobilien\/"},{"@type":"ListItem","position":3,"name":"Helle moderne Wohnung in F\u00fcrth"}]},{"@type":"WebSite","@id":"https:\/\/www.euhabitat.com\/de\/#website","url":"https:\/\/www.euhabitat.com\/de\/","name":"euhabitat","description":"Furnished Apartments in Cologne Bonn Essen Berlin Nuremberg","publisher":{"@id":"https:\/\/www.euhabitat.com\/de\/#organization"},"potentialAction":[{"@type":"SearchAction","target":{"@type":"EntryPoint","urlTemplate":"https:\/\/www.euhabitat.com\/de\/?s={search_term_string}"},"query-input":"required name=search_term_string"}],"inLanguage":"de"},{"@type":"Organization","@id":"https:\/\/www.euhabitat.com\/de\/#organization","name":"euhabitat","url":"https:\/\/www.euhabitat.com\/de\/","logo":{"@type":"ImageObject","inLanguage":"de","@id":"https:\/\/www.euhabitat.com\/de\/#\/schema\/logo\/image\/","url":"https:\/\/www.euhabitat.com\/wp-content\/uploads\/2019\/12\/euhabitat-logo_600px-1.png","contentUrl":"https:\/\/www.euhabitat.com\/wp-content\/uploads\/2019\/12\/euhabitat-logo_600px-1.png","width":600,"height":182,"caption":"euhabitat"},"image":{"@id":"https:\/\/www.euhabitat.com\/de\/#\/schema\/logo\/image\/"},"sameAs":["https:\/\/www.facebook.com\/euhabitat","https:\/\/www.linkedin.com\/company\/37749063\/"]}]}},"_links":{"self":[{"href":"https:\/\/www.euhabitat.com\/de\/wp-json\/wp\/v2\/inx_property\/3870293","targetHints":{"allow":["GET"]}}],"collection":[{"href":"https:\/\/www.euhabitat.com\/de\/wp-json\/wp\/v2\/inx_property"}],"about":[{"href":"https:\/\/www.euhabitat.com\/de\/wp-json\/wp\/v2\/types\/inx_property"}],"author":[{"embeddable":true,"href":"https:\/\/www.euhabitat.com\/de\/wp-json\/wp\/v2\/users\/162"}],"wp:featuredmedia":[{"embeddable":true,"href":"https:\/\/www.euhabitat.com\/de\/wp-json\/wp\/v2\/media\/3870294"}],"wp:attachment":[{"href":"https:\/\/www.euhabitat.com\/de\/wp-json\/wp\/v2\/media?parent=3870293"}],"wp:term":[{"taxonomy":"inx_location","embeddable":true,"href":"https:\/\/www.euhabitat.com\/de\/wp-json\/wp\/v2\/inx_location?post=3870293"},{"taxonomy":"inx_type_of_use","embeddable":true,"href":"https:\/\/www.euhabitat.com\/de\/wp-json\/wp\/v2\/inx_type_of_use?post=3870293"},{"taxonomy":"inx_property_type","embeddable":true,"href":"https:\/\/www.euhabitat.com\/de\/wp-json\/wp\/v2\/inx_property_type?post=3870293"},{"taxonomy":"inx_marketing_type","embeddable":true,"href":"https:\/\/www.euhabitat.com\/de\/wp-json\/wp\/v2\/inx_marketing_type?post=3870293"},{"taxonomy":"inx_project","embeddable":true,"href":"https:\/\/www.euhabitat.com\/de\/wp-json\/wp\/v2\/inx_project?post=3870293"},{"taxonomy":"inx_feature","embeddable":true,"href":"https:\/\/www.euhabitat.com\/de\/wp-json\/wp\/v2\/inx_feature?post=3870293"},{"taxonomy":"inx_label","embeddable":true,"href":"https:\/\/www.euhabitat.com\/de\/wp-json\/wp\/v2\/inx_label?post=3870293"}],"curies":[{"name":"wp","href":"https:\/\/api.w.org\/{rel}","templated":true}]}}

Helle moderne Wohnung in Fürth

<p>Diese helle und modern eingerichtete 3-Zimmer-Wohnung in Fürth überzeugt mit zeitgemäßem Komfort.</p>
<p>Miete inklusive Nebenkosten, Strom muss separat angemeldet und bezahlt werden. Internet ist nicht im Mietpreis inbegriffen.<br />
Das Schlafzimmer bietet modernes Mobiliar mit einem großen Bett, Nachttisch. Das dritte Zimmer ist mit einem sehr geräumigem Kleiderschrank ausgestattet und kann als Ankleidezimmer und Büro genutzt werden. Die separate Küche ist komplett ausgestattet. Im Wohn- und Essbereich erwarten Sie ein Fernseher, ein bequemes Sofa und ein Esstisch. Ein Balkon bietet zusätzlichen Raum.<br />
Das moderne Badezimmer verfügt über ein Waschbecken mit beleuchtetem Spiegel, eine hängende Toilette und eine Dusche. Die Wohnung ist gut an öffentliche Verkehrsmittel angebunden.</p>
<p>Hinweis: Rauchen ist im Wohnraum nicht gestattet</p>

<!-- This site is optimized with the Yoast SEO plugin v21.3 - https://yoast.com/wordpress/plugins/seo/ -->
<title>Helle moderne Wohnung in Fürth &#8211; euhabitat</title>
<meta name="robots" content="index, follow, max-snippet:-1, max-image-preview:large, max-video-preview:-1" />
<meta property="og:locale" content="de_DE" />
<meta property="og:type" content="article" />
<meta property="og:title" content="Helle moderne Wohnung in Fürth &#8211; euhabitat" />
<meta property="og:description" content="Diese helle und modern eingerichtete 3-Zimmer-Wohnung in Fürth überzeugt mit zeitgemäßem Komfort. Miete inklusive..." />
<meta property="og:url" content="https://www.euhabitat.com/de/moeblierte-wohnungen-fuerth/objekt-ag8076869/" />
<meta property="og:site_name" content="euhabitat" />
<meta property="article:publisher" content="https://www.facebook.com/euhabitat" />
<meta property="article:modified_time" content="2026-04-29T00:07:54+00:00" />
<meta property="og:image" content="https://www.euhabitat.com/wp-content/uploads/2026/04/807686901.jpg" />
	<meta property="og:image:width" content="713" />
	<meta property="og:image:height" content="535" />
	<meta property="og:image:type" content="image/jpeg" />
<meta name="twitter:card" content="summary_large_image" />
<meta name="twitter:label1" content="Geschätzte Lesezeit" />
	<meta name="twitter:data1" content="1 Minute" />
<script type="application/ld+json" class="yoast-schema-graph">{"@context":"https://schema.org","@graph":[{"@type":"WebPage","@id":"https://www.euhabitat.com/de/moeblierte-wohnungen-fuerth/objekt-ag8076869/","url":"https://www.euhabitat.com/de/moeblierte-wohnungen-fuerth/objekt-ag8076869/","name":"Helle moderne Wohnung in Fürth &#8211; euhabitat","isPartOf":{"@id":"https://www.euhabitat.com/de/#website"},"datePublished":"2026-04-27T23:42:54+00:00","dateModified":"2026-04-29T00:07:54+00:00","breadcrumb":{"@id":"https://www.euhabitat.com/de/moeblierte-wohnungen-fuerth/objekt-ag8076869/#breadcrumb"},"inLanguage":"de","potentialAction":[{"@type":"ReadAction","target":["https://www.euhabitat.com/de/moeblierte-wohnungen-fuerth/objekt-ag8076869/"]}]},{"@type":"BreadcrumbList","@id":"https://www.euhabitat.com/de/moeblierte-wohnungen-fuerth/objekt-ag8076869/#breadcrumb","itemListElement":[{"@type":"ListItem","position":1,"name":"Startseite","item":"https://www.euhabitat.com/de/"},{"@type":"ListItem","position":2,"name":"Immobilien","item":"https://www.euhabitat.com/de/immobilien/"},{"@type":"ListItem","position":3,"name":"Helle moderne Wohnung in Fürth"}]},{"@type":"WebSite","@id":"https://www.euhabitat.com/de/#website","url":"https://www.euhabitat.com/de/","name":"euhabitat","description":"Furnished Apartments in Cologne Bonn Essen Berlin Nuremberg","publisher":{"@id":"https://www.euhabitat.com/de/#organization"},"potentialAction":[{"@type":"SearchAction","target":{"@type":"EntryPoint","urlTemplate":"https://www.euhabitat.com/de/?s={search_term_string}"},"query-input":"required name=search_term_string"}],"inLanguage":"de"},{"@type":"Organization","@id":"https://www.euhabitat.com/de/#organization","name":"euhabitat","url":"https://www.euhabitat.com/de/","logo":{"@type":"ImageObject","inLanguage":"de","@id":"https://www.euhabitat.com/de/#/schema/logo/image/","url":"https://www.euhabitat.com/wp-content/uploads/2019/12/euhabitat-logo_600px-1.png","contentUrl":"https://www.euhabitat.com/wp-content/uploads/2019/12/euhabitat-logo_600px-1.png","width":600,"height":182,"caption":"euhabitat"},"image":{"@id":"https://www.euhabitat.com/de/#/schema/logo/image/"},"sameAs":["https://www.facebook.com/euhabitat","https://www.linkedin.com/company/37749063/"]}]}</script>
<!-- / Yoast SEO plugin. -->

Helle moderne Wohnung in Fürth &#8211; euhabitat

Diese helle und modern eingerichtete 3-Zimmer-Wohnung in Fürth überzeugt mit zeitgemäßem Komfort. Miete inklusive...
