{"id":3870268,"date":"2026-04-28T01:41:52","date_gmt":"2026-04-27T23:41:52","guid":{"rendered":"https:\/\/www.euhabitat.com\/immobilien\/moderne-2-zimmer-wohnung-in-st-johannis-2\/"},"modified":"2026-04-29T02:07:52","modified_gmt":"2026-04-29T00:07:52","slug":"moderne-2-zimmer-wohnung-in-st-johannis-2","status":"publish","type":"inx_property","link":"https:\/\/www.euhabitat.com\/de\/moeblierte-wohnungen-nuernberg\/objekt-ag8082908\/","title":{"rendered":"Moderne 2 Zimmer Wohnung in St. Johannis"},"content":{"rendered":"<p>Miete inklusive aller Nebenkosten, inklusive Internet, zzgl. Strom zur Selbstanmeldung.<\/p>\n<p>Die angebotene Wohnung befindet sich im beliebten Stadtteil St. Johannis. Die Lage ist sehr gut an den \u00f6ffentlichen Nahverkehr angebunden und bietet eine schnelle Verbindung in die Innenstadt, nach F\u00fcrth und Erlangen. Diverse Einkaufsm\u00f6glichkeiten, Restaurants und Caf\u00e9s sind in unmittelbarer N\u00e4he vorhanden.<\/p>\n<p>Die helle und moderne 2-Zimmerwohnung befindet sich im Erdgeschoss eines  gepflegten Mehrfamilienhauses.<\/p>\n<p>Die Wohnung wurde frisch renoviert und m\u00f6bliert und ist in einem hervorragenden Zustand.<\/p>\n<p>Sie ist sehr hell und modern eingerichtet und mit Liebe zum Detail exklusiv ausgestattet worden.<\/p>\n<p>Die Wohnung verf\u00fcgt \u00fcber ein Schlafzimmer mit einem franz\u00f6sischem Bett und einem Kleiderschrank.<\/p>\n<p>Das Wohnzimmer ist gro\u00dfz\u00fcgig gestaltet und bietet viel Platz zum Entspannen. Es verf\u00fcgt \u00fcber eine gem\u00fctliche Wohnlandschaft und einen Smart TV sowie dem Essbereich.<\/p>\n<p>Die K\u00fcche ist mit modernen Ger\u00e4ten, wie z.B. einer Sp\u00fclmaschine, Backofen und Waschtrockner ausgestattet. Das Tageslichtbad ist mit einer Dusche ausgestattet.<\/p>\n","protected":false},"author":162,"featured_media":3870269,"template":"","inx_location":[2612],"inx_type_of_use":[2476],"inx_property_type":[2575],"inx_marketing_type":[2583],"inx_project":[2582],"inx_feature":[2486],"inx_label":[],"class_list":["post-3870268","inx_property","type-inx_property","status-publish","has-post-thumbnail","hentry","inx_location-nuernberg","inx_type_of_use-wohnen-auf-zeit","inx_property_type-wohnung","inx_marketing_type-nuernberg","inx_project-moeblierte-wohnungen-nuernberg","inx_feature-vollmoebliert"],"yoast_head":"<!-- This site is optimized with the Yoast SEO plugin v21.3 - https:\/\/yoast.com\/wordpress\/plugins\/seo\/ -->\n<title>Moderne 2 Zimmer Wohnung in St. Johannis &#8211; euhabitat<\/title>\n<meta name=\"robots\" content=\"index, follow, max-snippet:-1, max-image-preview:large, max-video-preview:-1\" \/>\n<meta property=\"og:locale\" content=\"de_DE\" \/>\n<meta property=\"og:type\" content=\"article\" \/>\n<meta property=\"og:title\" content=\"Moderne 2 Zimmer Wohnung in St. Johannis &#8211; euhabitat\" \/>\n<meta property=\"og:description\" content=\"Miete inklusive aller Nebenkosten, inklusive Internet, zzgl. Strom zur Selbstanmeldung. Die angebotene Wohnung befindet...\" \/>\n<meta property=\"og:url\" content=\"https:\/\/www.euhabitat.com\/de\/moeblierte-wohnungen-nuernberg\/objekt-ag8082908\/\" \/>\n<meta property=\"og:site_name\" content=\"euhabitat\" \/>\n<meta property=\"article:publisher\" content=\"https:\/\/www.facebook.com\/euhabitat\" \/>\n<meta property=\"article:modified_time\" content=\"2026-04-29T00:07:52+00:00\" \/>\n<meta property=\"og:image\" content=\"https:\/\/www.euhabitat.com\/wp-content\/uploads\/2026\/04\/808290801.jpg\" \/>\n\t<meta property=\"og:image:width\" content=\"535\" \/>\n\t<meta property=\"og:image:height\" content=\"713\" \/>\n\t<meta property=\"og:image:type\" content=\"image\/jpeg\" \/>\n<meta name=\"twitter:card\" content=\"summary_large_image\" \/>\n<meta name=\"twitter:label1\" content=\"Gesch\u00e4tzte Lesezeit\" \/>\n\t<meta name=\"twitter:data1\" content=\"1\u00a0Minute\" \/>\n<script type=\"application\/ld+json\" class=\"yoast-schema-graph\">{\"@context\":\"https:\/\/schema.org\",\"@graph\":[{\"@type\":\"WebPage\",\"@id\":\"https:\/\/www.euhabitat.com\/de\/moeblierte-wohnungen-nuernberg\/objekt-ag8082908\/\",\"url\":\"https:\/\/www.euhabitat.com\/de\/moeblierte-wohnungen-nuernberg\/objekt-ag8082908\/\",\"name\":\"Moderne 2 Zimmer Wohnung in St. Johannis &#8211; euhabitat\",\"isPartOf\":{\"@id\":\"https:\/\/www.euhabitat.com\/de\/#website\"},\"datePublished\":\"2026-04-27T23:41:52+00:00\",\"dateModified\":\"2026-04-29T00:07:52+00:00\",\"breadcrumb\":{\"@id\":\"https:\/\/www.euhabitat.com\/de\/moeblierte-wohnungen-nuernberg\/objekt-ag8082908\/#breadcrumb\"},\"inLanguage\":\"de\",\"potentialAction\":[{\"@type\":\"ReadAction\",\"target\":[\"https:\/\/www.euhabitat.com\/de\/moeblierte-wohnungen-nuernberg\/objekt-ag8082908\/\"]}]},{\"@type\":\"BreadcrumbList\",\"@id\":\"https:\/\/www.euhabitat.com\/de\/moeblierte-wohnungen-nuernberg\/objekt-ag8082908\/#breadcrumb\",\"itemListElement\":[{\"@type\":\"ListItem\",\"position\":1,\"name\":\"Startseite\",\"item\":\"https:\/\/www.euhabitat.com\/de\/\"},{\"@type\":\"ListItem\",\"position\":2,\"name\":\"Immobilien\",\"item\":\"https:\/\/www.euhabitat.com\/de\/immobilien\/\"},{\"@type\":\"ListItem\",\"position\":3,\"name\":\"Moderne 2 Zimmer Wohnung in St. Johannis\"}]},{\"@type\":\"WebSite\",\"@id\":\"https:\/\/www.euhabitat.com\/de\/#website\",\"url\":\"https:\/\/www.euhabitat.com\/de\/\",\"name\":\"euhabitat\",\"description\":\"Furnished Apartments in Cologne Bonn Essen Berlin Nuremberg\",\"publisher\":{\"@id\":\"https:\/\/www.euhabitat.com\/de\/#organization\"},\"potentialAction\":[{\"@type\":\"SearchAction\",\"target\":{\"@type\":\"EntryPoint\",\"urlTemplate\":\"https:\/\/www.euhabitat.com\/de\/?s={search_term_string}\"},\"query-input\":\"required name=search_term_string\"}],\"inLanguage\":\"de\"},{\"@type\":\"Organization\",\"@id\":\"https:\/\/www.euhabitat.com\/de\/#organization\",\"name\":\"euhabitat\",\"url\":\"https:\/\/www.euhabitat.com\/de\/\",\"logo\":{\"@type\":\"ImageObject\",\"inLanguage\":\"de\",\"@id\":\"https:\/\/www.euhabitat.com\/de\/#\/schema\/logo\/image\/\",\"url\":\"https:\/\/www.euhabitat.com\/wp-content\/uploads\/2019\/12\/euhabitat-logo_600px-1.png\",\"contentUrl\":\"https:\/\/www.euhabitat.com\/wp-content\/uploads\/2019\/12\/euhabitat-logo_600px-1.png\",\"width\":600,\"height\":182,\"caption\":\"euhabitat\"},\"image\":{\"@id\":\"https:\/\/www.euhabitat.com\/de\/#\/schema\/logo\/image\/\"},\"sameAs\":[\"https:\/\/www.facebook.com\/euhabitat\",\"https:\/\/www.linkedin.com\/company\/37749063\/\"]}]}<\/script>\n<!-- \/ Yoast SEO plugin. -->","yoast_head_json":{"title":"Moderne 2 Zimmer Wohnung in St. Johannis &#8211; euhabitat","robots":{"index":"index","follow":"follow","max-snippet":"max-snippet:-1","max-image-preview":"max-image-preview:large","max-video-preview":"max-video-preview:-1"},"og_locale":"de_DE","og_type":"article","og_title":"Moderne 2 Zimmer Wohnung in St. Johannis &#8211; euhabitat","og_description":"Miete inklusive aller Nebenkosten, inklusive Internet, zzgl. Strom zur Selbstanmeldung. Die angebotene Wohnung befindet...","og_url":"https:\/\/www.euhabitat.com\/de\/moeblierte-wohnungen-nuernberg\/objekt-ag8082908\/","og_site_name":"euhabitat","article_publisher":"https:\/\/www.facebook.com\/euhabitat","article_modified_time":"2026-04-29T00:07:52+00:00","og_image":[{"width":535,"height":713,"url":"https:\/\/www.euhabitat.com\/wp-content\/uploads\/2026\/04\/808290801.jpg","type":"image\/jpeg"}],"twitter_card":"summary_large_image","twitter_misc":{"Gesch\u00e4tzte Lesezeit":"1\u00a0Minute"},"schema":{"@context":"https:\/\/schema.org","@graph":[{"@type":"WebPage","@id":"https:\/\/www.euhabitat.com\/de\/moeblierte-wohnungen-nuernberg\/objekt-ag8082908\/","url":"https:\/\/www.euhabitat.com\/de\/moeblierte-wohnungen-nuernberg\/objekt-ag8082908\/","name":"Moderne 2 Zimmer Wohnung in St. Johannis &#8211; euhabitat","isPartOf":{"@id":"https:\/\/www.euhabitat.com\/de\/#website"},"datePublished":"2026-04-27T23:41:52+00:00","dateModified":"2026-04-29T00:07:52+00:00","breadcrumb":{"@id":"https:\/\/www.euhabitat.com\/de\/moeblierte-wohnungen-nuernberg\/objekt-ag8082908\/#breadcrumb"},"inLanguage":"de","potentialAction":[{"@type":"ReadAction","target":["https:\/\/www.euhabitat.com\/de\/moeblierte-wohnungen-nuernberg\/objekt-ag8082908\/"]}]},{"@type":"BreadcrumbList","@id":"https:\/\/www.euhabitat.com\/de\/moeblierte-wohnungen-nuernberg\/objekt-ag8082908\/#breadcrumb","itemListElement":[{"@type":"ListItem","position":1,"name":"Startseite","item":"https:\/\/www.euhabitat.com\/de\/"},{"@type":"ListItem","position":2,"name":"Immobilien","item":"https:\/\/www.euhabitat.com\/de\/immobilien\/"},{"@type":"ListItem","position":3,"name":"Moderne 2 Zimmer Wohnung in St. Johannis"}]},{"@type":"WebSite","@id":"https:\/\/www.euhabitat.com\/de\/#website","url":"https:\/\/www.euhabitat.com\/de\/","name":"euhabitat","description":"Furnished Apartments in Cologne Bonn Essen Berlin Nuremberg","publisher":{"@id":"https:\/\/www.euhabitat.com\/de\/#organization"},"potentialAction":[{"@type":"SearchAction","target":{"@type":"EntryPoint","urlTemplate":"https:\/\/www.euhabitat.com\/de\/?s={search_term_string}"},"query-input":"required name=search_term_string"}],"inLanguage":"de"},{"@type":"Organization","@id":"https:\/\/www.euhabitat.com\/de\/#organization","name":"euhabitat","url":"https:\/\/www.euhabitat.com\/de\/","logo":{"@type":"ImageObject","inLanguage":"de","@id":"https:\/\/www.euhabitat.com\/de\/#\/schema\/logo\/image\/","url":"https:\/\/www.euhabitat.com\/wp-content\/uploads\/2019\/12\/euhabitat-logo_600px-1.png","contentUrl":"https:\/\/www.euhabitat.com\/wp-content\/uploads\/2019\/12\/euhabitat-logo_600px-1.png","width":600,"height":182,"caption":"euhabitat"},"image":{"@id":"https:\/\/www.euhabitat.com\/de\/#\/schema\/logo\/image\/"},"sameAs":["https:\/\/www.facebook.com\/euhabitat","https:\/\/www.linkedin.com\/company\/37749063\/"]}]}},"_links":{"self":[{"href":"https:\/\/www.euhabitat.com\/de\/wp-json\/wp\/v2\/inx_property\/3870268","targetHints":{"allow":["GET"]}}],"collection":[{"href":"https:\/\/www.euhabitat.com\/de\/wp-json\/wp\/v2\/inx_property"}],"about":[{"href":"https:\/\/www.euhabitat.com\/de\/wp-json\/wp\/v2\/types\/inx_property"}],"author":[{"embeddable":true,"href":"https:\/\/www.euhabitat.com\/de\/wp-json\/wp\/v2\/users\/162"}],"wp:featuredmedia":[{"embeddable":true,"href":"https:\/\/www.euhabitat.com\/de\/wp-json\/wp\/v2\/media\/3870269"}],"wp:attachment":[{"href":"https:\/\/www.euhabitat.com\/de\/wp-json\/wp\/v2\/media?parent=3870268"}],"wp:term":[{"taxonomy":"inx_location","embeddable":true,"href":"https:\/\/www.euhabitat.com\/de\/wp-json\/wp\/v2\/inx_location?post=3870268"},{"taxonomy":"inx_type_of_use","embeddable":true,"href":"https:\/\/www.euhabitat.com\/de\/wp-json\/wp\/v2\/inx_type_of_use?post=3870268"},{"taxonomy":"inx_property_type","embeddable":true,"href":"https:\/\/www.euhabitat.com\/de\/wp-json\/wp\/v2\/inx_property_type?post=3870268"},{"taxonomy":"inx_marketing_type","embeddable":true,"href":"https:\/\/www.euhabitat.com\/de\/wp-json\/wp\/v2\/inx_marketing_type?post=3870268"},{"taxonomy":"inx_project","embeddable":true,"href":"https:\/\/www.euhabitat.com\/de\/wp-json\/wp\/v2\/inx_project?post=3870268"},{"taxonomy":"inx_feature","embeddable":true,"href":"https:\/\/www.euhabitat.com\/de\/wp-json\/wp\/v2\/inx_feature?post=3870268"},{"taxonomy":"inx_label","embeddable":true,"href":"https:\/\/www.euhabitat.com\/de\/wp-json\/wp\/v2\/inx_label?post=3870268"}],"curies":[{"name":"wp","href":"https:\/\/api.w.org\/{rel}","templated":true}]}}

<p>Miete inklusive aller Nebenkosten, inklusive Internet, zzgl. Strom zur Selbstanmeldung.</p>
<p>Die angebotene Wohnung befindet sich im beliebten Stadtteil St. Johannis. Die Lage ist sehr gut an den öffentlichen Nahverkehr angebunden und bietet eine schnelle Verbindung in die Innenstadt, nach Fürth und Erlangen. Diverse Einkaufsmöglichkeiten, Restaurants und Cafés sind in unmittelbarer Nähe vorhanden.</p>
<p>Die helle und moderne 2-Zimmerwohnung befindet sich im Erdgeschoss eines  gepflegten Mehrfamilienhauses.</p>
<p>Die Wohnung wurde frisch renoviert und möbliert und ist in einem hervorragenden Zustand.</p>
<p>Sie ist sehr hell und modern eingerichtet und mit Liebe zum Detail exklusiv ausgestattet worden.</p>
<p>Die Wohnung verfügt über ein Schlafzimmer mit einem französischem Bett und einem Kleiderschrank.</p>
<p>Das Wohnzimmer ist großzügig gestaltet und bietet viel Platz zum Entspannen. Es verfügt über eine gemütliche Wohnlandschaft und einen Smart TV sowie dem Essbereich.</p>
<p>Die Küche ist mit modernen Geräten, wie z.B. einer Spülmaschine, Backofen und Waschtrockner ausgestattet. Das Tageslichtbad ist mit einer Dusche ausgestattet.</p>

<!-- This site is optimized with the Yoast SEO plugin v21.3 - https://yoast.com/wordpress/plugins/seo/ -->
<title>Moderne 2 Zimmer Wohnung in St. Johannis &#8211; euhabitat</title>
<meta name="robots" content="index, follow, max-snippet:-1, max-image-preview:large, max-video-preview:-1" />
<meta property="og:locale" content="de_DE" />
<meta property="og:type" content="article" />
<meta property="og:title" content="Moderne 2 Zimmer Wohnung in St. Johannis &#8211; euhabitat" />
<meta property="og:description" content="Miete inklusive aller Nebenkosten, inklusive Internet, zzgl. Strom zur Selbstanmeldung. Die angebotene Wohnung befindet..." />
<meta property="og:url" content="https://www.euhabitat.com/de/moeblierte-wohnungen-nuernberg/objekt-ag8082908/" />
<meta property="og:site_name" content="euhabitat" />
<meta property="article:publisher" content="https://www.facebook.com/euhabitat" />
<meta property="article:modified_time" content="2026-04-29T00:07:52+00:00" />
<meta property="og:image" content="https://www.euhabitat.com/wp-content/uploads/2026/04/808290801.jpg" />
	<meta property="og:image:width" content="535" />
	<meta property="og:image:height" content="713" />
	<meta property="og:image:type" content="image/jpeg" />
<meta name="twitter:card" content="summary_large_image" />
<meta name="twitter:label1" content="Geschätzte Lesezeit" />
	<meta name="twitter:data1" content="1 Minute" />
<script type="application/ld+json" class="yoast-schema-graph">{"@context":"https://schema.org","@graph":[{"@type":"WebPage","@id":"https://www.euhabitat.com/de/moeblierte-wohnungen-nuernberg/objekt-ag8082908/","url":"https://www.euhabitat.com/de/moeblierte-wohnungen-nuernberg/objekt-ag8082908/","name":"Moderne 2 Zimmer Wohnung in St. Johannis &#8211; euhabitat","isPartOf":{"@id":"https://www.euhabitat.com/de/#website"},"datePublished":"2026-04-27T23:41:52+00:00","dateModified":"2026-04-29T00:07:52+00:00","breadcrumb":{"@id":"https://www.euhabitat.com/de/moeblierte-wohnungen-nuernberg/objekt-ag8082908/#breadcrumb"},"inLanguage":"de","potentialAction":[{"@type":"ReadAction","target":["https://www.euhabitat.com/de/moeblierte-wohnungen-nuernberg/objekt-ag8082908/"]}]},{"@type":"BreadcrumbList","@id":"https://www.euhabitat.com/de/moeblierte-wohnungen-nuernberg/objekt-ag8082908/#breadcrumb","itemListElement":[{"@type":"ListItem","position":1,"name":"Startseite","item":"https://www.euhabitat.com/de/"},{"@type":"ListItem","position":2,"name":"Immobilien","item":"https://www.euhabitat.com/de/immobilien/"},{"@type":"ListItem","position":3,"name":"Moderne 2 Zimmer Wohnung in St. Johannis"}]},{"@type":"WebSite","@id":"https://www.euhabitat.com/de/#website","url":"https://www.euhabitat.com/de/","name":"euhabitat","description":"Furnished Apartments in Cologne Bonn Essen Berlin Nuremberg","publisher":{"@id":"https://www.euhabitat.com/de/#organization"},"potentialAction":[{"@type":"SearchAction","target":{"@type":"EntryPoint","urlTemplate":"https://www.euhabitat.com/de/?s={search_term_string}"},"query-input":"required name=search_term_string"}],"inLanguage":"de"},{"@type":"Organization","@id":"https://www.euhabitat.com/de/#organization","name":"euhabitat","url":"https://www.euhabitat.com/de/","logo":{"@type":"ImageObject","inLanguage":"de","@id":"https://www.euhabitat.com/de/#/schema/logo/image/","url":"https://www.euhabitat.com/wp-content/uploads/2019/12/euhabitat-logo_600px-1.png","contentUrl":"https://www.euhabitat.com/wp-content/uploads/2019/12/euhabitat-logo_600px-1.png","width":600,"height":182,"caption":"euhabitat"},"image":{"@id":"https://www.euhabitat.com/de/#/schema/logo/image/"},"sameAs":["https://www.facebook.com/euhabitat","https://www.linkedin.com/company/37749063/"]}]}</script>
<!-- / Yoast SEO plugin. -->
