{"id":3562839,"date":"2026-04-28T00:08:37","date_gmt":"2026-04-27T22:08:37","guid":{"rendered":"https:\/\/www.euhabitat.com\/immobilien\/hochwertig-modern-moeblierte-2-zimmerwohnun-mit-suedbalkon\/"},"modified":"2026-04-29T01:59:37","modified_gmt":"2026-04-28T23:59:37","slug":"hochwertig-modern-moeblierte-2-zimmerwohnun-mit-suedbalkon","status":"publish","type":"inx_property","link":"https:\/\/www.euhabitat.com\/de\/moeblierte-wohnungen-nuernberg\/objekt-ag8016916\/","title":{"rendered":"Hochwertig modern m\u00f6blierte 2-Zimmerwohnun mit S\u00fcdbalkon"},"content":{"rendered":"<p>Die Miete betr\u00e4gt 990,00\u20ac, inkl. Internet (Highspeed), inkl. 150,00\u20ac Nebenkosten als Vorauszahlung, zzgl. Strom zur Selbstanmeldung.<\/p>\n<p>Man betritt die helle Wohnung durch den ger\u00e4umigen Flur von dem aus alle R\u00e4ume begehbar sind.<br \/>\nAuf der rechten Seite befindet sich das gro\u00dfe Bad mit bodentiefer Dusche.<br \/>\nGegen\u00fcber vom Bad befinden sich integrierte Einbauschr\u00e4nke die viel Stauraum bieten.<br \/>\nAuf der linken Seite befindet sich die K\u00fcche. Diese l\u00e4sst das Herz eines jeden Kochliebhabers h\u00f6her schlagen und verf\u00fcgt \u00fcber moderne Einbauger\u00e4te, einen Geschirrsp\u00fcler sowie eine gro\u00dfe K\u00fchl-Gefrierkombination sowei ausreichend Stauraum. Die K\u00fcche wurde liebevoll ausgestattet.<br \/>\nDer gegen\u00fcberliegende Wohnbereich mit Wohnlandschaft und XXL Smart-TV hat au\u00dferdem einen gem\u00fctlichen Essbereich.<br \/>\nVom Wohnzimmer aus gelangt man auf den gro\u00dfen S\u00fcd-Balkon mit Blick ins Gr\u00fcne. Auf den bequemen Balkonsesseln l\u00e4sst es sich nach Feierabend hervorragend entspannen.<br \/>\nAm Ende des Flurs findet man das gem\u00fctliche Schlafzimmer mit 1,60m x 2,00m Boxspringbett, Nachttisch, XL Kleiderschrank mit Spiegelelementen und Kommoden. Das Schlafzimmer wurde wie der Rest der Wohnung hochwertig und mit Liebe zum Detail eingerichtet.<br \/>\nIm Keller steht den Mieterin ein Waschraum mit M\u00fcnzwaschmaschine und Trockner zur Verf\u00fcgung.<br \/>\nEs gibt zahlreiche Parkm\u00f6glichkeiten direkt vor dem Haus.<\/p>\n<p>Die S\u00fcdwesttangente erreicht man innerhalb von 2 Minuten. Diverse Einkaufsm\u00f6glichkeiten, \u00c4rzte sowie die Anbindung an den \u00f6ffentlichen Nahverkehr befindet sich in unmittelbarer Nachbarschaft.<br \/>\nDas Rauchen in den Wohnr\u00e4umen ist strengstens verboten. F\u00fcr jeden dadurch entstandenen schaden haftet der Mieter vollumf\u00e4nglich.<\/p>\n","protected":false},"author":162,"featured_media":3562840,"template":"","inx_location":[2612],"inx_type_of_use":[2476],"inx_property_type":[2575],"inx_marketing_type":[2583],"inx_project":[2582],"inx_feature":[2486],"inx_label":[],"class_list":["post-3562839","inx_property","type-inx_property","status-publish","has-post-thumbnail","hentry","inx_location-nuernberg","inx_type_of_use-wohnen-auf-zeit","inx_property_type-wohnung","inx_marketing_type-nuernberg","inx_project-moeblierte-wohnungen-nuernberg","inx_feature-vollmoebliert"],"yoast_head":"<!-- This site is optimized with the Yoast SEO plugin v21.3 - https:\/\/yoast.com\/wordpress\/plugins\/seo\/ -->\n<title>Hochwertig modern m\u00f6blierte 2-Zimmerwohnun mit S\u00fcdbalkon &#8211; euhabitat<\/title>\n<meta name=\"robots\" content=\"index, follow, max-snippet:-1, max-image-preview:large, max-video-preview:-1\" \/>\n<meta property=\"og:locale\" content=\"de_DE\" \/>\n<meta property=\"og:type\" content=\"article\" \/>\n<meta property=\"og:title\" content=\"Hochwertig modern m\u00f6blierte 2-Zimmerwohnun mit S\u00fcdbalkon &#8211; euhabitat\" \/>\n<meta property=\"og:description\" content=\"Die Miete betr\u00e4gt 990,00\u20ac, inkl. Internet (Highspeed), inkl. 150,00\u20ac Nebenkosten als Vorauszahlung, zzgl. Strom...\" \/>\n<meta property=\"og:url\" content=\"https:\/\/www.euhabitat.com\/de\/moeblierte-wohnungen-nuernberg\/objekt-ag8016916\/\" \/>\n<meta property=\"og:site_name\" content=\"euhabitat\" \/>\n<meta property=\"article:publisher\" content=\"https:\/\/www.facebook.com\/euhabitat\" \/>\n<meta property=\"article:modified_time\" content=\"2026-04-28T23:59:37+00:00\" \/>\n<meta property=\"og:image\" content=\"https:\/\/www.euhabitat.com\/wp-content\/uploads\/2025\/08\/801691601.jpg\" \/>\n\t<meta property=\"og:image:width\" content=\"535\" \/>\n\t<meta property=\"og:image:height\" content=\"713\" \/>\n\t<meta property=\"og:image:type\" content=\"image\/jpeg\" \/>\n<meta name=\"twitter:card\" content=\"summary_large_image\" \/>\n<meta name=\"twitter:label1\" content=\"Gesch\u00e4tzte Lesezeit\" \/>\n\t<meta name=\"twitter:data1\" content=\"1\u00a0Minute\" \/>\n<script type=\"application\/ld+json\" class=\"yoast-schema-graph\">{\"@context\":\"https:\/\/schema.org\",\"@graph\":[{\"@type\":\"WebPage\",\"@id\":\"https:\/\/www.euhabitat.com\/de\/moeblierte-wohnungen-nuernberg\/objekt-ag8016916\/\",\"url\":\"https:\/\/www.euhabitat.com\/de\/moeblierte-wohnungen-nuernberg\/objekt-ag8016916\/\",\"name\":\"Hochwertig modern m\u00f6blierte 2-Zimmerwohnun mit S\u00fcdbalkon &#8211; euhabitat\",\"isPartOf\":{\"@id\":\"https:\/\/www.euhabitat.com\/de\/#website\"},\"datePublished\":\"2026-04-27T22:08:37+00:00\",\"dateModified\":\"2026-04-28T23:59:37+00:00\",\"breadcrumb\":{\"@id\":\"https:\/\/www.euhabitat.com\/de\/moeblierte-wohnungen-nuernberg\/objekt-ag8016916\/#breadcrumb\"},\"inLanguage\":\"de\",\"potentialAction\":[{\"@type\":\"ReadAction\",\"target\":[\"https:\/\/www.euhabitat.com\/de\/moeblierte-wohnungen-nuernberg\/objekt-ag8016916\/\"]}]},{\"@type\":\"BreadcrumbList\",\"@id\":\"https:\/\/www.euhabitat.com\/de\/moeblierte-wohnungen-nuernberg\/objekt-ag8016916\/#breadcrumb\",\"itemListElement\":[{\"@type\":\"ListItem\",\"position\":1,\"name\":\"Startseite\",\"item\":\"https:\/\/www.euhabitat.com\/de\/\"},{\"@type\":\"ListItem\",\"position\":2,\"name\":\"Immobilien\",\"item\":\"https:\/\/www.euhabitat.com\/de\/immobilien\/\"},{\"@type\":\"ListItem\",\"position\":3,\"name\":\"Hochwertig modern m\u00f6blierte 2-Zimmerwohnun mit S\u00fcdbalkon\"}]},{\"@type\":\"WebSite\",\"@id\":\"https:\/\/www.euhabitat.com\/de\/#website\",\"url\":\"https:\/\/www.euhabitat.com\/de\/\",\"name\":\"euhabitat\",\"description\":\"Furnished Apartments in Cologne Bonn Essen Berlin Nuremberg\",\"publisher\":{\"@id\":\"https:\/\/www.euhabitat.com\/de\/#organization\"},\"potentialAction\":[{\"@type\":\"SearchAction\",\"target\":{\"@type\":\"EntryPoint\",\"urlTemplate\":\"https:\/\/www.euhabitat.com\/de\/?s={search_term_string}\"},\"query-input\":\"required name=search_term_string\"}],\"inLanguage\":\"de\"},{\"@type\":\"Organization\",\"@id\":\"https:\/\/www.euhabitat.com\/de\/#organization\",\"name\":\"euhabitat\",\"url\":\"https:\/\/www.euhabitat.com\/de\/\",\"logo\":{\"@type\":\"ImageObject\",\"inLanguage\":\"de\",\"@id\":\"https:\/\/www.euhabitat.com\/de\/#\/schema\/logo\/image\/\",\"url\":\"https:\/\/www.euhabitat.com\/wp-content\/uploads\/2019\/12\/euhabitat-logo_600px-1.png\",\"contentUrl\":\"https:\/\/www.euhabitat.com\/wp-content\/uploads\/2019\/12\/euhabitat-logo_600px-1.png\",\"width\":600,\"height\":182,\"caption\":\"euhabitat\"},\"image\":{\"@id\":\"https:\/\/www.euhabitat.com\/de\/#\/schema\/logo\/image\/\"},\"sameAs\":[\"https:\/\/www.facebook.com\/euhabitat\",\"https:\/\/www.linkedin.com\/company\/37749063\/\"]}]}<\/script>\n<!-- \/ Yoast SEO plugin. -->","yoast_head_json":{"title":"Hochwertig modern m\u00f6blierte 2-Zimmerwohnun mit S\u00fcdbalkon &#8211; euhabitat","robots":{"index":"index","follow":"follow","max-snippet":"max-snippet:-1","max-image-preview":"max-image-preview:large","max-video-preview":"max-video-preview:-1"},"og_locale":"de_DE","og_type":"article","og_title":"Hochwertig modern m\u00f6blierte 2-Zimmerwohnun mit S\u00fcdbalkon &#8211; euhabitat","og_description":"Die Miete betr\u00e4gt 990,00\u20ac, inkl. Internet (Highspeed), inkl. 150,00\u20ac Nebenkosten als Vorauszahlung, zzgl. Strom...","og_url":"https:\/\/www.euhabitat.com\/de\/moeblierte-wohnungen-nuernberg\/objekt-ag8016916\/","og_site_name":"euhabitat","article_publisher":"https:\/\/www.facebook.com\/euhabitat","article_modified_time":"2026-04-28T23:59:37+00:00","og_image":[{"width":535,"height":713,"url":"https:\/\/www.euhabitat.com\/wp-content\/uploads\/2025\/08\/801691601.jpg","type":"image\/jpeg"}],"twitter_card":"summary_large_image","twitter_misc":{"Gesch\u00e4tzte Lesezeit":"1\u00a0Minute"},"schema":{"@context":"https:\/\/schema.org","@graph":[{"@type":"WebPage","@id":"https:\/\/www.euhabitat.com\/de\/moeblierte-wohnungen-nuernberg\/objekt-ag8016916\/","url":"https:\/\/www.euhabitat.com\/de\/moeblierte-wohnungen-nuernberg\/objekt-ag8016916\/","name":"Hochwertig modern m\u00f6blierte 2-Zimmerwohnun mit S\u00fcdbalkon &#8211; euhabitat","isPartOf":{"@id":"https:\/\/www.euhabitat.com\/de\/#website"},"datePublished":"2026-04-27T22:08:37+00:00","dateModified":"2026-04-28T23:59:37+00:00","breadcrumb":{"@id":"https:\/\/www.euhabitat.com\/de\/moeblierte-wohnungen-nuernberg\/objekt-ag8016916\/#breadcrumb"},"inLanguage":"de","potentialAction":[{"@type":"ReadAction","target":["https:\/\/www.euhabitat.com\/de\/moeblierte-wohnungen-nuernberg\/objekt-ag8016916\/"]}]},{"@type":"BreadcrumbList","@id":"https:\/\/www.euhabitat.com\/de\/moeblierte-wohnungen-nuernberg\/objekt-ag8016916\/#breadcrumb","itemListElement":[{"@type":"ListItem","position":1,"name":"Startseite","item":"https:\/\/www.euhabitat.com\/de\/"},{"@type":"ListItem","position":2,"name":"Immobilien","item":"https:\/\/www.euhabitat.com\/de\/immobilien\/"},{"@type":"ListItem","position":3,"name":"Hochwertig modern m\u00f6blierte 2-Zimmerwohnun mit S\u00fcdbalkon"}]},{"@type":"WebSite","@id":"https:\/\/www.euhabitat.com\/de\/#website","url":"https:\/\/www.euhabitat.com\/de\/","name":"euhabitat","description":"Furnished Apartments in Cologne Bonn Essen Berlin Nuremberg","publisher":{"@id":"https:\/\/www.euhabitat.com\/de\/#organization"},"potentialAction":[{"@type":"SearchAction","target":{"@type":"EntryPoint","urlTemplate":"https:\/\/www.euhabitat.com\/de\/?s={search_term_string}"},"query-input":"required name=search_term_string"}],"inLanguage":"de"},{"@type":"Organization","@id":"https:\/\/www.euhabitat.com\/de\/#organization","name":"euhabitat","url":"https:\/\/www.euhabitat.com\/de\/","logo":{"@type":"ImageObject","inLanguage":"de","@id":"https:\/\/www.euhabitat.com\/de\/#\/schema\/logo\/image\/","url":"https:\/\/www.euhabitat.com\/wp-content\/uploads\/2019\/12\/euhabitat-logo_600px-1.png","contentUrl":"https:\/\/www.euhabitat.com\/wp-content\/uploads\/2019\/12\/euhabitat-logo_600px-1.png","width":600,"height":182,"caption":"euhabitat"},"image":{"@id":"https:\/\/www.euhabitat.com\/de\/#\/schema\/logo\/image\/"},"sameAs":["https:\/\/www.facebook.com\/euhabitat","https:\/\/www.linkedin.com\/company\/37749063\/"]}]}},"_links":{"self":[{"href":"https:\/\/www.euhabitat.com\/de\/wp-json\/wp\/v2\/inx_property\/3562839","targetHints":{"allow":["GET"]}}],"collection":[{"href":"https:\/\/www.euhabitat.com\/de\/wp-json\/wp\/v2\/inx_property"}],"about":[{"href":"https:\/\/www.euhabitat.com\/de\/wp-json\/wp\/v2\/types\/inx_property"}],"author":[{"embeddable":true,"href":"https:\/\/www.euhabitat.com\/de\/wp-json\/wp\/v2\/users\/162"}],"wp:featuredmedia":[{"embeddable":true,"href":"https:\/\/www.euhabitat.com\/de\/wp-json\/wp\/v2\/media\/3562840"}],"wp:attachment":[{"href":"https:\/\/www.euhabitat.com\/de\/wp-json\/wp\/v2\/media?parent=3562839"}],"wp:term":[{"taxonomy":"inx_location","embeddable":true,"href":"https:\/\/www.euhabitat.com\/de\/wp-json\/wp\/v2\/inx_location?post=3562839"},{"taxonomy":"inx_type_of_use","embeddable":true,"href":"https:\/\/www.euhabitat.com\/de\/wp-json\/wp\/v2\/inx_type_of_use?post=3562839"},{"taxonomy":"inx_property_type","embeddable":true,"href":"https:\/\/www.euhabitat.com\/de\/wp-json\/wp\/v2\/inx_property_type?post=3562839"},{"taxonomy":"inx_marketing_type","embeddable":true,"href":"https:\/\/www.euhabitat.com\/de\/wp-json\/wp\/v2\/inx_marketing_type?post=3562839"},{"taxonomy":"inx_project","embeddable":true,"href":"https:\/\/www.euhabitat.com\/de\/wp-json\/wp\/v2\/inx_project?post=3562839"},{"taxonomy":"inx_feature","embeddable":true,"href":"https:\/\/www.euhabitat.com\/de\/wp-json\/wp\/v2\/inx_feature?post=3562839"},{"taxonomy":"inx_label","embeddable":true,"href":"https:\/\/www.euhabitat.com\/de\/wp-json\/wp\/v2\/inx_label?post=3562839"}],"curies":[{"name":"wp","href":"https:\/\/api.w.org\/{rel}","templated":true}]}}

Hochwertig modern möblierte 2-Zimmerwohnun mit Südbalkon

<p>Die Miete beträgt 990,00€, inkl. Internet (Highspeed), inkl. 150,00€ Nebenkosten als Vorauszahlung, zzgl. Strom zur Selbstanmeldung.</p>
<p>Man betritt die helle Wohnung durch den geräumigen Flur von dem aus alle Räume begehbar sind.<br />
Auf der rechten Seite befindet sich das große Bad mit bodentiefer Dusche.<br />
Gegenüber vom Bad befinden sich integrierte Einbauschränke die viel Stauraum bieten.<br />
Auf der linken Seite befindet sich die Küche. Diese lässt das Herz eines jeden Kochliebhabers höher schlagen und verfügt über moderne Einbaugeräte, einen Geschirrspüler sowie eine große Kühl-Gefrierkombination sowei ausreichend Stauraum. Die Küche wurde liebevoll ausgestattet.<br />
Der gegenüberliegende Wohnbereich mit Wohnlandschaft und XXL Smart-TV hat außerdem einen gemütlichen Essbereich.<br />
Vom Wohnzimmer aus gelangt man auf den großen Süd-Balkon mit Blick ins Grüne. Auf den bequemen Balkonsesseln lässt es sich nach Feierabend hervorragend entspannen.<br />
Am Ende des Flurs findet man das gemütliche Schlafzimmer mit 1,60m x 2,00m Boxspringbett, Nachttisch, XL Kleiderschrank mit Spiegelelementen und Kommoden. Das Schlafzimmer wurde wie der Rest der Wohnung hochwertig und mit Liebe zum Detail eingerichtet.<br />
Im Keller steht den Mieterin ein Waschraum mit Münzwaschmaschine und Trockner zur Verfügung.<br />
Es gibt zahlreiche Parkmöglichkeiten direkt vor dem Haus.</p>
<p>Die Südwesttangente erreicht man innerhalb von 2 Minuten. Diverse Einkaufsmöglichkeiten, Ärzte sowie die Anbindung an den öffentlichen Nahverkehr befindet sich in unmittelbarer Nachbarschaft.<br />
Das Rauchen in den Wohnräumen ist strengstens verboten. Für jeden dadurch entstandenen schaden haftet der Mieter vollumfänglich.</p>

<!-- This site is optimized with the Yoast SEO plugin v21.3 - https://yoast.com/wordpress/plugins/seo/ -->
<title>Hochwertig modern möblierte 2-Zimmerwohnun mit Südbalkon &#8211; euhabitat</title>
<meta name="robots" content="index, follow, max-snippet:-1, max-image-preview:large, max-video-preview:-1" />
<meta property="og:locale" content="de_DE" />
<meta property="og:type" content="article" />
<meta property="og:title" content="Hochwertig modern möblierte 2-Zimmerwohnun mit Südbalkon &#8211; euhabitat" />
<meta property="og:description" content="Die Miete beträgt 990,00€, inkl. Internet (Highspeed), inkl. 150,00€ Nebenkosten als Vorauszahlung, zzgl. Strom..." />
<meta property="og:url" content="https://www.euhabitat.com/de/moeblierte-wohnungen-nuernberg/objekt-ag8016916/" />
<meta property="og:site_name" content="euhabitat" />
<meta property="article:publisher" content="https://www.facebook.com/euhabitat" />
<meta property="article:modified_time" content="2026-04-28T23:59:37+00:00" />
<meta property="og:image" content="https://www.euhabitat.com/wp-content/uploads/2025/08/801691601.jpg" />
	<meta property="og:image:width" content="535" />
	<meta property="og:image:height" content="713" />
	<meta property="og:image:type" content="image/jpeg" />
<meta name="twitter:card" content="summary_large_image" />
<meta name="twitter:label1" content="Geschätzte Lesezeit" />
	<meta name="twitter:data1" content="1 Minute" />
<script type="application/ld+json" class="yoast-schema-graph">{"@context":"https://schema.org","@graph":[{"@type":"WebPage","@id":"https://www.euhabitat.com/de/moeblierte-wohnungen-nuernberg/objekt-ag8016916/","url":"https://www.euhabitat.com/de/moeblierte-wohnungen-nuernberg/objekt-ag8016916/","name":"Hochwertig modern möblierte 2-Zimmerwohnun mit Südbalkon &#8211; euhabitat","isPartOf":{"@id":"https://www.euhabitat.com/de/#website"},"datePublished":"2026-04-27T22:08:37+00:00","dateModified":"2026-04-28T23:59:37+00:00","breadcrumb":{"@id":"https://www.euhabitat.com/de/moeblierte-wohnungen-nuernberg/objekt-ag8016916/#breadcrumb"},"inLanguage":"de","potentialAction":[{"@type":"ReadAction","target":["https://www.euhabitat.com/de/moeblierte-wohnungen-nuernberg/objekt-ag8016916/"]}]},{"@type":"BreadcrumbList","@id":"https://www.euhabitat.com/de/moeblierte-wohnungen-nuernberg/objekt-ag8016916/#breadcrumb","itemListElement":[{"@type":"ListItem","position":1,"name":"Startseite","item":"https://www.euhabitat.com/de/"},{"@type":"ListItem","position":2,"name":"Immobilien","item":"https://www.euhabitat.com/de/immobilien/"},{"@type":"ListItem","position":3,"name":"Hochwertig modern möblierte 2-Zimmerwohnun mit Südbalkon"}]},{"@type":"WebSite","@id":"https://www.euhabitat.com/de/#website","url":"https://www.euhabitat.com/de/","name":"euhabitat","description":"Furnished Apartments in Cologne Bonn Essen Berlin Nuremberg","publisher":{"@id":"https://www.euhabitat.com/de/#organization"},"potentialAction":[{"@type":"SearchAction","target":{"@type":"EntryPoint","urlTemplate":"https://www.euhabitat.com/de/?s={search_term_string}"},"query-input":"required name=search_term_string"}],"inLanguage":"de"},{"@type":"Organization","@id":"https://www.euhabitat.com/de/#organization","name":"euhabitat","url":"https://www.euhabitat.com/de/","logo":{"@type":"ImageObject","inLanguage":"de","@id":"https://www.euhabitat.com/de/#/schema/logo/image/","url":"https://www.euhabitat.com/wp-content/uploads/2019/12/euhabitat-logo_600px-1.png","contentUrl":"https://www.euhabitat.com/wp-content/uploads/2019/12/euhabitat-logo_600px-1.png","width":600,"height":182,"caption":"euhabitat"},"image":{"@id":"https://www.euhabitat.com/de/#/schema/logo/image/"},"sameAs":["https://www.facebook.com/euhabitat","https://www.linkedin.com/company/37749063/"]}]}</script>
<!-- / Yoast SEO plugin. -->

Hochwertig modern möblierte 2-Zimmerwohnun mit Südbalkon &#8211; euhabitat

Die Miete beträgt 990,00€, inkl. Internet (Highspeed), inkl. 150,00€ Nebenkosten als Vorauszahlung, zzgl. Strom...
