{"id":2957392,"date":"2026-03-12T01:32:14","date_gmt":"2026-03-12T00:32:14","guid":{"rendered":"https:\/\/www.euhabitat.com\/immobilien\/geschmackvoll-moeblierte-wohnung-in-koelner-messenaehe\/"},"modified":"2026-03-18T18:24:14","modified_gmt":"2026-03-18T17:24:14","slug":"geschmackvoll-moeblierte-wohnung-in-koelner-messenaehe","status":"publish","type":"inx_property","link":"https:\/\/www.euhabitat.com\/de\/moeblierte-wohnungen-koeln\/objekt-16499\/","title":{"rendered":"Geschmackvoll m\u00f6blierte Wohnung in K\u00f6lner Messen\u00e4he"},"content":{"rendered":"<p>Wohn-ID: 003-3-0011141-22<br \/>\ngepflegtes Mehrfamilienhaus<\/p>\n","protected":false},"author":160,"featured_media":3864418,"template":"","inx_location":[2658,2593,2594],"inx_type_of_use":[2477,2479,2476],"inx_property_type":[2494],"inx_marketing_type":[2415],"inx_project":[2490],"inx_feature":[2496,2489,2501,2486],"inx_label":[],"class_list":["post-2957392","inx_property","type-inx_property","status-publish","has-post-thumbnail","hentry","inx_location-deutz","inx_location-koeln","inx_location-muelheim","inx_type_of_use-1-zimmer-apartments","inx_type_of_use-kurzer-aufenthalt","inx_type_of_use-wohnen-auf-zeit","inx_property_type-etagenwohnung","inx_marketing_type-koeln","inx_project-moeblierte-wohnungen-koeln","inx_feature-internet","inx_feature-kurzzeit","inx_feature-park-stellplatz-vorhanden","inx_feature-vollmoebliert"],"yoast_head":"<!-- This site is optimized with the Yoast SEO plugin v21.3 - https:\/\/yoast.com\/wordpress\/plugins\/seo\/ -->\n<title>Geschmackvoll m\u00f6blierte Wohnung in K\u00f6lner Messen\u00e4he &#8211; euhabitat<\/title>\n<meta name=\"robots\" content=\"index, follow, max-snippet:-1, max-image-preview:large, max-video-preview:-1\" \/>\n<meta property=\"og:locale\" content=\"de_DE\" \/>\n<meta property=\"og:type\" content=\"article\" \/>\n<meta property=\"og:title\" content=\"Geschmackvoll m\u00f6blierte Wohnung in K\u00f6lner Messen\u00e4he &#8211; euhabitat\" \/>\n<meta property=\"og:description\" content=\"Wohn-ID: 003-3-0011141-22 gepflegtes Mehrfamilienhaus\" \/>\n<meta property=\"og:url\" content=\"https:\/\/www.euhabitat.com\/de\/moeblierte-wohnungen-koeln\/objekt-16499\/\" \/>\n<meta property=\"og:site_name\" content=\"euhabitat\" \/>\n<meta property=\"article:publisher\" content=\"https:\/\/www.facebook.com\/euhabitat\" \/>\n<meta property=\"article:modified_time\" content=\"2026-03-18T17:24:14+00:00\" \/>\n<meta name=\"twitter:card\" content=\"summary_large_image\" \/>\n<script type=\"application\/ld+json\" class=\"yoast-schema-graph\">{\"@context\":\"https:\/\/schema.org\",\"@graph\":[{\"@type\":\"WebPage\",\"@id\":\"https:\/\/www.euhabitat.com\/de\/moeblierte-wohnungen-koeln\/objekt-16499\/\",\"url\":\"https:\/\/www.euhabitat.com\/de\/moeblierte-wohnungen-koeln\/objekt-16499\/\",\"name\":\"Geschmackvoll m\u00f6blierte Wohnung in K\u00f6lner Messen\u00e4he &#8211; euhabitat\",\"isPartOf\":{\"@id\":\"https:\/\/www.euhabitat.com\/de\/#website\"},\"datePublished\":\"2026-03-12T00:32:14+00:00\",\"dateModified\":\"2026-03-18T17:24:14+00:00\",\"breadcrumb\":{\"@id\":\"https:\/\/www.euhabitat.com\/de\/moeblierte-wohnungen-koeln\/objekt-16499\/#breadcrumb\"},\"inLanguage\":\"de\",\"potentialAction\":[{\"@type\":\"ReadAction\",\"target\":[\"https:\/\/www.euhabitat.com\/de\/moeblierte-wohnungen-koeln\/objekt-16499\/\"]}]},{\"@type\":\"BreadcrumbList\",\"@id\":\"https:\/\/www.euhabitat.com\/de\/moeblierte-wohnungen-koeln\/objekt-16499\/#breadcrumb\",\"itemListElement\":[{\"@type\":\"ListItem\",\"position\":1,\"name\":\"Startseite\",\"item\":\"https:\/\/www.euhabitat.com\/de\/\"},{\"@type\":\"ListItem\",\"position\":2,\"name\":\"Immobilien\",\"item\":\"https:\/\/www.euhabitat.com\/de\/immobilien\/\"},{\"@type\":\"ListItem\",\"position\":3,\"name\":\"Geschmackvoll m\u00f6blierte Wohnung in K\u00f6lner Messen\u00e4he\"}]},{\"@type\":\"WebSite\",\"@id\":\"https:\/\/www.euhabitat.com\/de\/#website\",\"url\":\"https:\/\/www.euhabitat.com\/de\/\",\"name\":\"euhabitat\",\"description\":\"Furnished Apartments in Cologne Bonn Essen Berlin Nuremberg\",\"publisher\":{\"@id\":\"https:\/\/www.euhabitat.com\/de\/#organization\"},\"potentialAction\":[{\"@type\":\"SearchAction\",\"target\":{\"@type\":\"EntryPoint\",\"urlTemplate\":\"https:\/\/www.euhabitat.com\/de\/?s={search_term_string}\"},\"query-input\":\"required name=search_term_string\"}],\"inLanguage\":\"de\"},{\"@type\":\"Organization\",\"@id\":\"https:\/\/www.euhabitat.com\/de\/#organization\",\"name\":\"euhabitat\",\"url\":\"https:\/\/www.euhabitat.com\/de\/\",\"logo\":{\"@type\":\"ImageObject\",\"inLanguage\":\"de\",\"@id\":\"https:\/\/www.euhabitat.com\/de\/#\/schema\/logo\/image\/\",\"url\":\"https:\/\/www.euhabitat.com\/wp-content\/uploads\/2019\/12\/euhabitat-logo_600px-1.png\",\"contentUrl\":\"https:\/\/www.euhabitat.com\/wp-content\/uploads\/2019\/12\/euhabitat-logo_600px-1.png\",\"width\":600,\"height\":182,\"caption\":\"euhabitat\"},\"image\":{\"@id\":\"https:\/\/www.euhabitat.com\/de\/#\/schema\/logo\/image\/\"},\"sameAs\":[\"https:\/\/www.facebook.com\/euhabitat\",\"https:\/\/www.linkedin.com\/company\/37749063\/\"]}]}<\/script>\n<!-- \/ Yoast SEO plugin. -->","yoast_head_json":{"title":"Geschmackvoll m\u00f6blierte Wohnung in K\u00f6lner Messen\u00e4he &#8211; euhabitat","robots":{"index":"index","follow":"follow","max-snippet":"max-snippet:-1","max-image-preview":"max-image-preview:large","max-video-preview":"max-video-preview:-1"},"og_locale":"de_DE","og_type":"article","og_title":"Geschmackvoll m\u00f6blierte Wohnung in K\u00f6lner Messen\u00e4he &#8211; euhabitat","og_description":"Wohn-ID: 003-3-0011141-22 gepflegtes Mehrfamilienhaus","og_url":"https:\/\/www.euhabitat.com\/de\/moeblierte-wohnungen-koeln\/objekt-16499\/","og_site_name":"euhabitat","article_publisher":"https:\/\/www.facebook.com\/euhabitat","article_modified_time":"2026-03-18T17:24:14+00:00","twitter_card":"summary_large_image","schema":{"@context":"https:\/\/schema.org","@graph":[{"@type":"WebPage","@id":"https:\/\/www.euhabitat.com\/de\/moeblierte-wohnungen-koeln\/objekt-16499\/","url":"https:\/\/www.euhabitat.com\/de\/moeblierte-wohnungen-koeln\/objekt-16499\/","name":"Geschmackvoll m\u00f6blierte Wohnung in K\u00f6lner Messen\u00e4he &#8211; euhabitat","isPartOf":{"@id":"https:\/\/www.euhabitat.com\/de\/#website"},"datePublished":"2026-03-12T00:32:14+00:00","dateModified":"2026-03-18T17:24:14+00:00","breadcrumb":{"@id":"https:\/\/www.euhabitat.com\/de\/moeblierte-wohnungen-koeln\/objekt-16499\/#breadcrumb"},"inLanguage":"de","potentialAction":[{"@type":"ReadAction","target":["https:\/\/www.euhabitat.com\/de\/moeblierte-wohnungen-koeln\/objekt-16499\/"]}]},{"@type":"BreadcrumbList","@id":"https:\/\/www.euhabitat.com\/de\/moeblierte-wohnungen-koeln\/objekt-16499\/#breadcrumb","itemListElement":[{"@type":"ListItem","position":1,"name":"Startseite","item":"https:\/\/www.euhabitat.com\/de\/"},{"@type":"ListItem","position":2,"name":"Immobilien","item":"https:\/\/www.euhabitat.com\/de\/immobilien\/"},{"@type":"ListItem","position":3,"name":"Geschmackvoll m\u00f6blierte Wohnung in K\u00f6lner Messen\u00e4he"}]},{"@type":"WebSite","@id":"https:\/\/www.euhabitat.com\/de\/#website","url":"https:\/\/www.euhabitat.com\/de\/","name":"euhabitat","description":"Furnished Apartments in Cologne Bonn Essen Berlin Nuremberg","publisher":{"@id":"https:\/\/www.euhabitat.com\/de\/#organization"},"potentialAction":[{"@type":"SearchAction","target":{"@type":"EntryPoint","urlTemplate":"https:\/\/www.euhabitat.com\/de\/?s={search_term_string}"},"query-input":"required name=search_term_string"}],"inLanguage":"de"},{"@type":"Organization","@id":"https:\/\/www.euhabitat.com\/de\/#organization","name":"euhabitat","url":"https:\/\/www.euhabitat.com\/de\/","logo":{"@type":"ImageObject","inLanguage":"de","@id":"https:\/\/www.euhabitat.com\/de\/#\/schema\/logo\/image\/","url":"https:\/\/www.euhabitat.com\/wp-content\/uploads\/2019\/12\/euhabitat-logo_600px-1.png","contentUrl":"https:\/\/www.euhabitat.com\/wp-content\/uploads\/2019\/12\/euhabitat-logo_600px-1.png","width":600,"height":182,"caption":"euhabitat"},"image":{"@id":"https:\/\/www.euhabitat.com\/de\/#\/schema\/logo\/image\/"},"sameAs":["https:\/\/www.facebook.com\/euhabitat","https:\/\/www.linkedin.com\/company\/37749063\/"]}]}},"_links":{"self":[{"href":"https:\/\/www.euhabitat.com\/de\/wp-json\/wp\/v2\/inx_property\/2957392","targetHints":{"allow":["GET"]}}],"collection":[{"href":"https:\/\/www.euhabitat.com\/de\/wp-json\/wp\/v2\/inx_property"}],"about":[{"href":"https:\/\/www.euhabitat.com\/de\/wp-json\/wp\/v2\/types\/inx_property"}],"author":[{"embeddable":true,"href":"https:\/\/www.euhabitat.com\/de\/wp-json\/wp\/v2\/users\/160"}],"wp:featuredmedia":[{"embeddable":true,"href":"https:\/\/www.euhabitat.com\/de\/wp-json\/wp\/v2\/media\/3864418"}],"wp:attachment":[{"href":"https:\/\/www.euhabitat.com\/de\/wp-json\/wp\/v2\/media?parent=2957392"}],"wp:term":[{"taxonomy":"inx_location","embeddable":true,"href":"https:\/\/www.euhabitat.com\/de\/wp-json\/wp\/v2\/inx_location?post=2957392"},{"taxonomy":"inx_type_of_use","embeddable":true,"href":"https:\/\/www.euhabitat.com\/de\/wp-json\/wp\/v2\/inx_type_of_use?post=2957392"},{"taxonomy":"inx_property_type","embeddable":true,"href":"https:\/\/www.euhabitat.com\/de\/wp-json\/wp\/v2\/inx_property_type?post=2957392"},{"taxonomy":"inx_marketing_type","embeddable":true,"href":"https:\/\/www.euhabitat.com\/de\/wp-json\/wp\/v2\/inx_marketing_type?post=2957392"},{"taxonomy":"inx_project","embeddable":true,"href":"https:\/\/www.euhabitat.com\/de\/wp-json\/wp\/v2\/inx_project?post=2957392"},{"taxonomy":"inx_feature","embeddable":true,"href":"https:\/\/www.euhabitat.com\/de\/wp-json\/wp\/v2\/inx_feature?post=2957392"},{"taxonomy":"inx_label","embeddable":true,"href":"https:\/\/www.euhabitat.com\/de\/wp-json\/wp\/v2\/inx_label?post=2957392"}],"curies":[{"name":"wp","href":"https:\/\/api.w.org\/{rel}","templated":true}]}}

Geschmackvoll möblierte Wohnung in Kölner Messenähe

<!-- This site is optimized with the Yoast SEO plugin v21.3 - https://yoast.com/wordpress/plugins/seo/ -->
<title>Geschmackvoll möblierte Wohnung in Kölner Messenähe &#8211; euhabitat</title>
<meta name="robots" content="index, follow, max-snippet:-1, max-image-preview:large, max-video-preview:-1" />
<meta property="og:locale" content="de_DE" />
<meta property="og:type" content="article" />
<meta property="og:title" content="Geschmackvoll möblierte Wohnung in Kölner Messenähe &#8211; euhabitat" />
<meta property="og:description" content="Wohn-ID: 003-3-0011141-22 gepflegtes Mehrfamilienhaus" />
<meta property="og:url" content="https://www.euhabitat.com/de/moeblierte-wohnungen-koeln/objekt-16499/" />
<meta property="og:site_name" content="euhabitat" />
<meta property="article:publisher" content="https://www.facebook.com/euhabitat" />
<meta property="article:modified_time" content="2026-03-18T17:24:14+00:00" />
<meta name="twitter:card" content="summary_large_image" />
<script type="application/ld+json" class="yoast-schema-graph">{"@context":"https://schema.org","@graph":[{"@type":"WebPage","@id":"https://www.euhabitat.com/de/moeblierte-wohnungen-koeln/objekt-16499/","url":"https://www.euhabitat.com/de/moeblierte-wohnungen-koeln/objekt-16499/","name":"Geschmackvoll möblierte Wohnung in Kölner Messenähe &#8211; euhabitat","isPartOf":{"@id":"https://www.euhabitat.com/de/#website"},"datePublished":"2026-03-12T00:32:14+00:00","dateModified":"2026-03-18T17:24:14+00:00","breadcrumb":{"@id":"https://www.euhabitat.com/de/moeblierte-wohnungen-koeln/objekt-16499/#breadcrumb"},"inLanguage":"de","potentialAction":[{"@type":"ReadAction","target":["https://www.euhabitat.com/de/moeblierte-wohnungen-koeln/objekt-16499/"]}]},{"@type":"BreadcrumbList","@id":"https://www.euhabitat.com/de/moeblierte-wohnungen-koeln/objekt-16499/#breadcrumb","itemListElement":[{"@type":"ListItem","position":1,"name":"Startseite","item":"https://www.euhabitat.com/de/"},{"@type":"ListItem","position":2,"name":"Immobilien","item":"https://www.euhabitat.com/de/immobilien/"},{"@type":"ListItem","position":3,"name":"Geschmackvoll möblierte Wohnung in Kölner Messenähe"}]},{"@type":"WebSite","@id":"https://www.euhabitat.com/de/#website","url":"https://www.euhabitat.com/de/","name":"euhabitat","description":"Furnished Apartments in Cologne Bonn Essen Berlin Nuremberg","publisher":{"@id":"https://www.euhabitat.com/de/#organization"},"potentialAction":[{"@type":"SearchAction","target":{"@type":"EntryPoint","urlTemplate":"https://www.euhabitat.com/de/?s={search_term_string}"},"query-input":"required name=search_term_string"}],"inLanguage":"de"},{"@type":"Organization","@id":"https://www.euhabitat.com/de/#organization","name":"euhabitat","url":"https://www.euhabitat.com/de/","logo":{"@type":"ImageObject","inLanguage":"de","@id":"https://www.euhabitat.com/de/#/schema/logo/image/","url":"https://www.euhabitat.com/wp-content/uploads/2019/12/euhabitat-logo_600px-1.png","contentUrl":"https://www.euhabitat.com/wp-content/uploads/2019/12/euhabitat-logo_600px-1.png","width":600,"height":182,"caption":"euhabitat"},"image":{"@id":"https://www.euhabitat.com/de/#/schema/logo/image/"},"sameAs":["https://www.facebook.com/euhabitat","https://www.linkedin.com/company/37749063/"]}]}</script>
<!-- / Yoast SEO plugin. -->

Geschmackvoll möblierte Wohnung in Kölner Messenähe &#8211; euhabitat
